{"id":7633,"date":"2019-06-27T11:31:46","date_gmt":"2019-06-27T11:31:46","guid":{"rendered":"https:\/\/preview.wolfthemes.live\/tattoopress\/?page_id=7633"},"modified":"2025-09-25T12:44:16","modified_gmt":"2025-09-25T10:44:16","slug":"diego-cavallini","status":"publish","type":"page","link":"https:\/\/www.tarawa.com\/studio\/tatoueur\/diego-cavallini\/","title":{"rendered":"Diego Cavallini"},"content":{"rendered":"\n<div class=\"wp-block-columns is-layout-flex wp-container-core-columns-is-layout-9d6595d7 wp-block-columns-is-layout-flex\">\n<div class=\"wp-block-column is-layout-flow wp-block-column-is-layout-flow\">\n<h2 class=\"wp-block-heading\">Diego Cavallini &#8211; Tatoueur Tarawa Cap d&rsquo;Agde<\/h2>\n\n\n\n<p>Le c\u00e9l\u00e8bre <a href=\"https:\/\/www.tarawa.com\/studio\/tatoueur\/\" target=\"_blank\" rel=\"noopener\" title=\"\">artiste tatoueur<\/a> Br\u00e9silien Diego Cavallini a conquis le monde de l&rsquo;art corporel en remportant plus de 60 troph\u00e9es internationaux, principalement dans les styles Newschool et Dotwork.<\/p>\n\n\n\n<p>Connaisseur du d\u00e9tail, il excelle particuli\u00e8rement dans le tatouage r\u00e9aliste. Artiste aux multiples facettes, Diego ma\u00eetrise aussi bien les motifs floraux que le r\u00e9alisme, et il est capable de cr\u00e9er aussi bien de petites \u0153uvres discr\u00e8tes que de vastes chefs-d&rsquo;\u0153uvre \u00e9poustouflants.<\/p>\n\n\n\n<p><strong>Contactez-nous :<\/strong><\/p>\n\n\n\n<p>Shop <a href=\"https:\/\/www.tarawa.com\/studio\/cap-d-agde\/\" target=\"_blank\" rel=\"noreferrer noopener\">Tarawa Cap d\u2019Agde<\/a>&nbsp;: 11 Quai Di Dominico, 34300 Cap d&rsquo;Agde<br>Par t\u00e9l\u00e9phone :&nbsp;<a href=\"tel:0467323425\">04 67 32 34 25<\/a><br>Par message :&nbsp;<a href=\"https:\/\/www.instagram.com\/tarawa_officiel\/\" target=\"_blank\" rel=\"noreferrer noopener\">@tarawa_officiel<\/a><br>Par mail :&nbsp;<a href=\"mailto:capdagde@tarawa.com\">capdagde@tarawa.com<\/a><\/p>\n\n\n\n<div class=\"wp-block-buttons is-content-justification-center is-layout-flex wp-container-core-buttons-is-layout-16018d1d wp-block-buttons-is-layout-flex\">\n<div class=\"wp-block-button\"><a class=\"wp-block-button__link has-white-color has-vivid-red-background-color has-text-color has-background wp-element-button\" href=\"https:\/\/www.tarawa.com\/studio\/devis-tattoo\/\" target=\"_blank\" rel=\"noreferrer noopener\">Demandez un devis<\/a><\/div>\n<\/div>\n<\/div>\n\n\n\n<div class=\"wp-block-column is-layout-flow wp-block-column-is-layout-flow\">\n<figure class=\"wp-block-image size-full\"><a href=\"https:\/\/www.tarawa.com\/studio\/wp-content\/uploads\/2024\/07\/tarawa_tatoueur_diego.webp\"><img loading=\"lazy\" decoding=\"async\" width=\"716\" height=\"891\" src=\"https:\/\/www.tarawa.com\/studio\/wp-content\/uploads\/2024\/07\/tarawa_tatoueur_diego.webp\" alt=\"\" class=\"wp-image-11619\" srcset=\"https:\/\/www.tarawa.com\/studio\/wp-content\/uploads\/2024\/07\/tarawa_tatoueur_diego.webp 716w, https:\/\/www.tarawa.com\/studio\/wp-content\/uploads\/2024\/07\/tarawa_tatoueur_diego-241x300.webp 241w, https:\/\/www.tarawa.com\/studio\/wp-content\/uploads\/2024\/07\/tarawa_tatoueur_diego-400x498.webp 400w\" sizes=\"auto, (max-width: 716px) 100vw, 716px\" \/><\/a><\/figure>\n<\/div>\n<\/div>\n\n\n\n<figure class=\"wp-block-gallery has-nested-images columns-default is-cropped wp-block-gallery-1 is-layout-flex wp-block-gallery-is-layout-flex\">\n<figure class=\"wp-block-image size-full\"><img loading=\"lazy\" decoding=\"async\" width=\"1000\" height=\"1000\" data-id=\"13386\" src=\"https:\/\/www.tarawa.com\/studio\/wp-content\/uploads\/2025\/09\/tatouage-diego-bras.png\" alt=\"\" class=\"wp-image-13386\" srcset=\"https:\/\/www.tarawa.com\/studio\/wp-content\/uploads\/2025\/09\/tatouage-diego-bras.png 1000w, https:\/\/www.tarawa.com\/studio\/wp-content\/uploads\/2025\/09\/tatouage-diego-bras-300x300.png 300w, https:\/\/www.tarawa.com\/studio\/wp-content\/uploads\/2025\/09\/tatouage-diego-bras-150x150.png 150w, https:\/\/www.tarawa.com\/studio\/wp-content\/uploads\/2025\/09\/tatouage-diego-bras-768x768.png 768w, https:\/\/www.tarawa.com\/studio\/wp-content\/uploads\/2025\/09\/tatouage-diego-bras-900x900.png 900w, https:\/\/www.tarawa.com\/studio\/wp-content\/uploads\/2025\/09\/tatouage-diego-bras-400x400.png 400w\" sizes=\"auto, (max-width: 1000px) 100vw, 1000px\" \/><\/figure>\n\n\n\n<figure class=\"wp-block-image size-full\"><img loading=\"lazy\" decoding=\"async\" width=\"1000\" height=\"1000\" data-id=\"13388\" src=\"https:\/\/www.tarawa.com\/studio\/wp-content\/uploads\/2025\/09\/tatouage-diego-marie-tarawa.png\" alt=\"\" class=\"wp-image-13388\" srcset=\"https:\/\/www.tarawa.com\/studio\/wp-content\/uploads\/2025\/09\/tatouage-diego-marie-tarawa.png 1000w, https:\/\/www.tarawa.com\/studio\/wp-content\/uploads\/2025\/09\/tatouage-diego-marie-tarawa-300x300.png 300w, https:\/\/www.tarawa.com\/studio\/wp-content\/uploads\/2025\/09\/tatouage-diego-marie-tarawa-150x150.png 150w, https:\/\/www.tarawa.com\/studio\/wp-content\/uploads\/2025\/09\/tatouage-diego-marie-tarawa-768x768.png 768w, https:\/\/www.tarawa.com\/studio\/wp-content\/uploads\/2025\/09\/tatouage-diego-marie-tarawa-900x900.png 900w, https:\/\/www.tarawa.com\/studio\/wp-content\/uploads\/2025\/09\/tatouage-diego-marie-tarawa-400x400.png 400w\" sizes=\"auto, (max-width: 1000px) 100vw, 1000px\" \/><\/figure>\n\n\n\n<figure class=\"wp-block-image size-full\"><img loading=\"lazy\" decoding=\"async\" width=\"1000\" height=\"1000\" data-id=\"13389\" src=\"https:\/\/www.tarawa.com\/studio\/wp-content\/uploads\/2025\/09\/tatouage-diego-masque-clown-tarawa.png\" alt=\"\" class=\"wp-image-13389\" srcset=\"https:\/\/www.tarawa.com\/studio\/wp-content\/uploads\/2025\/09\/tatouage-diego-masque-clown-tarawa.png 1000w, https:\/\/www.tarawa.com\/studio\/wp-content\/uploads\/2025\/09\/tatouage-diego-masque-clown-tarawa-300x300.png 300w, https:\/\/www.tarawa.com\/studio\/wp-content\/uploads\/2025\/09\/tatouage-diego-masque-clown-tarawa-150x150.png 150w, https:\/\/www.tarawa.com\/studio\/wp-content\/uploads\/2025\/09\/tatouage-diego-masque-clown-tarawa-768x768.png 768w, https:\/\/www.tarawa.com\/studio\/wp-content\/uploads\/2025\/09\/tatouage-diego-masque-clown-tarawa-900x900.png 900w, https:\/\/www.tarawa.com\/studio\/wp-content\/uploads\/2025\/09\/tatouage-diego-masque-clown-tarawa-400x400.png 400w\" sizes=\"auto, (max-width: 1000px) 100vw, 1000px\" \/><\/figure>\n\n\n\n<figure class=\"wp-block-image size-full\"><img loading=\"lazy\" decoding=\"async\" width=\"1000\" height=\"1000\" data-id=\"13390\" src=\"https:\/\/www.tarawa.com\/studio\/wp-content\/uploads\/2025\/09\/tatouage-diego-tarawa-ange.png\" alt=\"\" class=\"wp-image-13390\" srcset=\"https:\/\/www.tarawa.com\/studio\/wp-content\/uploads\/2025\/09\/tatouage-diego-tarawa-ange.png 1000w, https:\/\/www.tarawa.com\/studio\/wp-content\/uploads\/2025\/09\/tatouage-diego-tarawa-ange-300x300.png 300w, https:\/\/www.tarawa.com\/studio\/wp-content\/uploads\/2025\/09\/tatouage-diego-tarawa-ange-150x150.png 150w, https:\/\/www.tarawa.com\/studio\/wp-content\/uploads\/2025\/09\/tatouage-diego-tarawa-ange-768x768.png 768w, https:\/\/www.tarawa.com\/studio\/wp-content\/uploads\/2025\/09\/tatouage-diego-tarawa-ange-900x900.png 900w, https:\/\/www.tarawa.com\/studio\/wp-content\/uploads\/2025\/09\/tatouage-diego-tarawa-ange-400x400.png 400w\" sizes=\"auto, (max-width: 1000px) 100vw, 1000px\" \/><\/figure>\n\n\n\n<figure class=\"wp-block-image size-full\"><img loading=\"lazy\" decoding=\"async\" width=\"1000\" height=\"1000\" data-id=\"13391\" src=\"https:\/\/www.tarawa.com\/studio\/wp-content\/uploads\/2025\/09\/tatouage-diego-tarawa-cartes.png\" alt=\"\" class=\"wp-image-13391\" srcset=\"https:\/\/www.tarawa.com\/studio\/wp-content\/uploads\/2025\/09\/tatouage-diego-tarawa-cartes.png 1000w, https:\/\/www.tarawa.com\/studio\/wp-content\/uploads\/2025\/09\/tatouage-diego-tarawa-cartes-300x300.png 300w, https:\/\/www.tarawa.com\/studio\/wp-content\/uploads\/2025\/09\/tatouage-diego-tarawa-cartes-150x150.png 150w, https:\/\/www.tarawa.com\/studio\/wp-content\/uploads\/2025\/09\/tatouage-diego-tarawa-cartes-768x768.png 768w, https:\/\/www.tarawa.com\/studio\/wp-content\/uploads\/2025\/09\/tatouage-diego-tarawa-cartes-900x900.png 900w, https:\/\/www.tarawa.com\/studio\/wp-content\/uploads\/2025\/09\/tatouage-diego-tarawa-cartes-400x400.png 400w\" sizes=\"auto, (max-width: 1000px) 100vw, 1000px\" \/><\/figure>\n\n\n\n<figure class=\"wp-block-image size-full\"><img loading=\"lazy\" decoding=\"async\" width=\"1000\" height=\"1000\" data-id=\"13392\" src=\"https:\/\/www.tarawa.com\/studio\/wp-content\/uploads\/2025\/09\/tatouage-diego-tarawa-chat.png\" alt=\"\" class=\"wp-image-13392\" srcset=\"https:\/\/www.tarawa.com\/studio\/wp-content\/uploads\/2025\/09\/tatouage-diego-tarawa-chat.png 1000w, https:\/\/www.tarawa.com\/studio\/wp-content\/uploads\/2025\/09\/tatouage-diego-tarawa-chat-300x300.png 300w, https:\/\/www.tarawa.com\/studio\/wp-content\/uploads\/2025\/09\/tatouage-diego-tarawa-chat-150x150.png 150w, https:\/\/www.tarawa.com\/studio\/wp-content\/uploads\/2025\/09\/tatouage-diego-tarawa-chat-768x768.png 768w, https:\/\/www.tarawa.com\/studio\/wp-content\/uploads\/2025\/09\/tatouage-diego-tarawa-chat-900x900.png 900w, https:\/\/www.tarawa.com\/studio\/wp-content\/uploads\/2025\/09\/tatouage-diego-tarawa-chat-400x400.png 400w\" sizes=\"auto, (max-width: 1000px) 100vw, 1000px\" \/><\/figure>\n\n\n\n<figure class=\"wp-block-image size-full\"><img loading=\"lazy\" decoding=\"async\" width=\"1000\" height=\"1000\" data-id=\"13393\" src=\"https:\/\/www.tarawa.com\/studio\/wp-content\/uploads\/2025\/09\/tatouage-diego-tarawa-clown.png\" alt=\"\" class=\"wp-image-13393\" srcset=\"https:\/\/www.tarawa.com\/studio\/wp-content\/uploads\/2025\/09\/tatouage-diego-tarawa-clown.png 1000w, https:\/\/www.tarawa.com\/studio\/wp-content\/uploads\/2025\/09\/tatouage-diego-tarawa-clown-300x300.png 300w, https:\/\/www.tarawa.com\/studio\/wp-content\/uploads\/2025\/09\/tatouage-diego-tarawa-clown-150x150.png 150w, https:\/\/www.tarawa.com\/studio\/wp-content\/uploads\/2025\/09\/tatouage-diego-tarawa-clown-768x768.png 768w, https:\/\/www.tarawa.com\/studio\/wp-content\/uploads\/2025\/09\/tatouage-diego-tarawa-clown-900x900.png 900w, https:\/\/www.tarawa.com\/studio\/wp-content\/uploads\/2025\/09\/tatouage-diego-tarawa-clown-400x400.png 400w\" sizes=\"auto, (max-width: 1000px) 100vw, 1000px\" \/><\/figure>\n\n\n\n<figure class=\"wp-block-image size-full\"><img loading=\"lazy\" decoding=\"async\" width=\"1000\" height=\"1000\" data-id=\"13394\" src=\"https:\/\/www.tarawa.com\/studio\/wp-content\/uploads\/2025\/09\/tatouage-diego-tarawa-clown-visage.png\" alt=\"\" class=\"wp-image-13394\" srcset=\"https:\/\/www.tarawa.com\/studio\/wp-content\/uploads\/2025\/09\/tatouage-diego-tarawa-clown-visage.png 1000w, https:\/\/www.tarawa.com\/studio\/wp-content\/uploads\/2025\/09\/tatouage-diego-tarawa-clown-visage-300x300.png 300w, https:\/\/www.tarawa.com\/studio\/wp-content\/uploads\/2025\/09\/tatouage-diego-tarawa-clown-visage-150x150.png 150w, https:\/\/www.tarawa.com\/studio\/wp-content\/uploads\/2025\/09\/tatouage-diego-tarawa-clown-visage-768x768.png 768w, https:\/\/www.tarawa.com\/studio\/wp-content\/uploads\/2025\/09\/tatouage-diego-tarawa-clown-visage-900x900.png 900w, https:\/\/www.tarawa.com\/studio\/wp-content\/uploads\/2025\/09\/tatouage-diego-tarawa-clown-visage-400x400.png 400w\" sizes=\"auto, (max-width: 1000px) 100vw, 1000px\" \/><\/figure>\n\n\n\n<figure class=\"wp-block-image size-full\"><img loading=\"lazy\" decoding=\"async\" width=\"1000\" height=\"1000\" data-id=\"13395\" src=\"https:\/\/www.tarawa.com\/studio\/wp-content\/uploads\/2025\/09\/tatouage-diego-tarawa-corps-femme.png\" alt=\"\" class=\"wp-image-13395\" srcset=\"https:\/\/www.tarawa.com\/studio\/wp-content\/uploads\/2025\/09\/tatouage-diego-tarawa-corps-femme.png 1000w, https:\/\/www.tarawa.com\/studio\/wp-content\/uploads\/2025\/09\/tatouage-diego-tarawa-corps-femme-300x300.png 300w, https:\/\/www.tarawa.com\/studio\/wp-content\/uploads\/2025\/09\/tatouage-diego-tarawa-corps-femme-150x150.png 150w, https:\/\/www.tarawa.com\/studio\/wp-content\/uploads\/2025\/09\/tatouage-diego-tarawa-corps-femme-768x768.png 768w, https:\/\/www.tarawa.com\/studio\/wp-content\/uploads\/2025\/09\/tatouage-diego-tarawa-corps-femme-900x900.png 900w, https:\/\/www.tarawa.com\/studio\/wp-content\/uploads\/2025\/09\/tatouage-diego-tarawa-corps-femme-400x400.png 400w\" sizes=\"auto, (max-width: 1000px) 100vw, 1000px\" \/><\/figure>\n<\/figure>\n\n\n\n<div class=\"wp-block-buttons is-horizontal is-content-justification-center is-layout-flex wp-container-core-buttons-is-layout-499968f5 wp-block-buttons-is-layout-flex\">\n<div class=\"wp-block-button\"><a class=\"wp-block-button__link has-white-color has-vivid-red-background-color has-text-color has-background wp-element-button\" href=\"https:\/\/www.tarawa.com\/studio\/albums\/album-diego-cavallini\/\">Voir l&rsquo;album de Diego<\/a><\/div>\n<\/div>\n","protected":false},"excerpt":{"rendered":"<p>Diego Cavallini &#8211; Tatoueur Tarawa Cap d&rsquo;Agde Le c\u00e9l\u00e8bre artiste tatoueur Br\u00e9silien Diego Cavallini a conquis le monde de l&rsquo;art corporel en remportant plus de 60 troph\u00e9es internationaux, principalement dans les styles Newschool et Dotwork. Connaisseur du d\u00e9tail, il excelle particuli\u00e8rement dans le tatouage r\u00e9aliste. Artiste aux multiples facettes, Diego ma\u00eetrise aussi bien les motifs &hellip; <\/p>\n","protected":false},"author":1,"featured_media":11619,"parent":7213,"menu_order":0,"comment_status":"closed","ping_status":"closed","template":"","meta":{"_monsterinsights_skip_tracking":false,"_monsterinsights_sitenote_active":false,"_monsterinsights_sitenote_note":"","_monsterinsights_sitenote_category":0,"footnotes":""},"class_list":["post-7633","page","type-page","status-publish","has-post-thumbnail","hentry"],"_links":{"self":[{"href":"https:\/\/www.tarawa.com\/studio\/wp-json\/wp\/v2\/pages\/7633","targetHints":{"allow":["GET"]}}],"collection":[{"href":"https:\/\/www.tarawa.com\/studio\/wp-json\/wp\/v2\/pages"}],"about":[{"href":"https:\/\/www.tarawa.com\/studio\/wp-json\/wp\/v2\/types\/page"}],"author":[{"embeddable":true,"href":"https:\/\/www.tarawa.com\/studio\/wp-json\/wp\/v2\/users\/1"}],"replies":[{"embeddable":true,"href":"https:\/\/www.tarawa.com\/studio\/wp-json\/wp\/v2\/comments?post=7633"}],"version-history":[{"count":0,"href":"https:\/\/www.tarawa.com\/studio\/wp-json\/wp\/v2\/pages\/7633\/revisions"}],"up":[{"embeddable":true,"href":"https:\/\/www.tarawa.com\/studio\/wp-json\/wp\/v2\/pages\/7213"}],"wp:featuredmedia":[{"embeddable":true,"href":"https:\/\/www.tarawa.com\/studio\/wp-json\/wp\/v2\/media\/11619"}],"wp:attachment":[{"href":"https:\/\/www.tarawa.com\/studio\/wp-json\/wp\/v2\/media?parent=7633"}],"curies":[{"name":"wp","href":"https:\/\/api.w.org\/{rel}","templated":true}]}}