{"id":13735,"date":"2026-02-25T09:43:13","date_gmt":"2026-02-25T08:43:13","guid":{"rendered":"https:\/\/www.tarawa.com\/studio\/?page_id=13735"},"modified":"2026-02-25T09:55:56","modified_gmt":"2026-02-25T08:55:56","slug":"vendeur-vendeuse-polyvalente-cdd-cap-dagde-saison-ete-2026","status":"publish","type":"page","link":"https:\/\/www.tarawa.com\/studio\/vendeur-vendeuse-polyvalente-cdd-cap-dagde-saison-ete-2026\/","title":{"rendered":"Vendeur \/ Vendeuse Polyvalente \u2013 CDD Tarawa (Cap d\u2019Agde) Saison \u00c9t\u00e9 2026"},"content":{"rendered":"\n<p><strong>Tarawa<\/strong>, enseigne reconnue depuis 1995 dans l\u2019univers du <strong>bijou, piercing et tatouage<\/strong>, recherche un(e) vendeur(se) polyvalent(e) pour renforcer son \u00e9quipe au <strong>Cap d\u2019Agde<\/strong> pour la saison d&rsquo;\u00e9t\u00e9 2026. <\/p>\n\n\n\n<h3 class=\"wp-block-heading\">Le poste<\/h3>\n\n\n\n<ul class=\"wp-block-list\">\n<li><strong>Contrat : CDD \u2013 35h<\/strong><\/li>\n\n\n\n<li>Travail les <strong>week-ends<\/strong><\/li>\n\n\n\n<li>Poste polyvalent, au c\u0153ur d\u2019un magasin dynamique et reconnu<\/li>\n<\/ul>\n\n\n\n<h3 class=\"wp-block-heading\">Vos missions<\/h3>\n\n\n\n<ul class=\"wp-block-list\">\n<li>Accueil, vente et conseil aupr\u00e8s de la client\u00e8le<\/li>\n\n\n\n<li>Mise en valeur des produits et entretien du point de vente (propret\u00e9, vitrines, pr\u00e9sentation)<\/li>\n\n\n\n<li>R\u00e9alisation de devis pour les prestations de tatouage<\/li>\n\n\n\n<li>Participation aux t\u00e2ches diverses contribuant au bon fonctionnement du magasin<\/li>\n<\/ul>\n\n\n\n<h3 class=\"wp-block-heading\">Profil recherch\u00e9<\/h3>\n\n\n\n<ul class=\"wp-block-list\">\n<li>Dynamique, volontaire et motiv\u00e9(e)<\/li>\n\n\n\n<li>Bon relationnel, sens du service et go\u00fbt pour l\u2019univers du bijou\/piercing\/tatouage<\/li>\n\n\n\n<li>Esprit d\u2019\u00e9quipe et polyvalence<\/li>\n<\/ul>\n\n\n\n<h3 class=\"wp-block-heading\"> Les + qui feront la diff\u00e9rence<\/h3>\n\n\n\n<ul class=\"wp-block-list\">\n<li><strong>Formation Hygi\u00e8ne et Salubrit\u00e9<\/strong> appr\u00e9ci\u00e9e<\/li>\n\n\n\n<li>La pratique de l\u2019<strong>anglais<\/strong> est un vrai atout<\/li>\n<\/ul>\n\n\n\n<h3 class=\"wp-block-heading\">Pourquoi rejoindre Tarawa ?<\/h3>\n\n\n\n<p>Un environnement cr\u00e9atif, une \u00e9quipe soud\u00e9e et la chance d\u2019\u00e9voluer dans un univers unique o\u00f9 chaque journ\u00e9e est diff\u00e9rente.<\/p>\n\n\n\n<p>Si vous vous reconnaissez dans ces qualit\u00e9s et que vous avez une passion pour le monde des bijoux et des piercings, <strong>Tarawa<\/strong> est fait pour vous. Venez apporter votre CV et votre enthousiasme \u00e0 l&rsquo;une de nos boutiques ou envoyez votre candidature par e-mail \u00e0 <a href=\"mailto:job@tarawa.com\">job@tarawa.com<\/a>. Nous avons h\u00e2te de vous rencontrer et de potentiellement vous accueillir dans notre \u00e9quipe. Ensemble, faisons rayonner le monde des bijoux piercings !<\/p>\n\n\n\n<p><strong>Tarawa<\/strong> &#8211; Plus qu&rsquo;une \u00e9quipe, une famille. Venez briller avec nous!<\/p>\n\n\n\n<div class=\"wp-block-buttons is-content-justification-center is-layout-flex wp-container-core-buttons-is-layout-16018d1d wp-block-buttons-is-layout-flex\">\n<div class=\"wp-block-button\"><a class=\"wp-block-button__link has-white-color has-vivid-red-background-color has-text-color has-background has-link-color has-text-align-center wp-element-button\" href=\"mailto:job@tarawa.com\">Envoyer ma candidature<\/a><\/div>\n<\/div>\n\n\n\n<p><\/p>\n","protected":false},"excerpt":{"rendered":"<p>Tarawa, enseigne reconnue depuis 1995 dans l\u2019univers du bijou, piercing et tatouage, recherche un(e) vendeur(se) polyvalent(e) pour renforcer son \u00e9quipe au Cap d\u2019Agde pour la saison d&rsquo;\u00e9t\u00e9 2026. Le poste Vos missions Profil recherch\u00e9 Les + qui feront la diff\u00e9rence Pourquoi rejoindre Tarawa ? Un environnement cr\u00e9atif, une \u00e9quipe soud\u00e9e et la chance d\u2019\u00e9voluer dans &hellip; <\/p>\n","protected":false},"author":1,"featured_media":0,"parent":0,"menu_order":0,"comment_status":"closed","ping_status":"closed","template":"","meta":{"_monsterinsights_skip_tracking":false,"_monsterinsights_sitenote_active":false,"_monsterinsights_sitenote_note":"","_monsterinsights_sitenote_category":0,"footnotes":""},"class_list":["post-13735","page","type-page","status-publish","hentry"],"_links":{"self":[{"href":"https:\/\/www.tarawa.com\/studio\/wp-json\/wp\/v2\/pages\/13735","targetHints":{"allow":["GET"]}}],"collection":[{"href":"https:\/\/www.tarawa.com\/studio\/wp-json\/wp\/v2\/pages"}],"about":[{"href":"https:\/\/www.tarawa.com\/studio\/wp-json\/wp\/v2\/types\/page"}],"author":[{"embeddable":true,"href":"https:\/\/www.tarawa.com\/studio\/wp-json\/wp\/v2\/users\/1"}],"replies":[{"embeddable":true,"href":"https:\/\/www.tarawa.com\/studio\/wp-json\/wp\/v2\/comments?post=13735"}],"version-history":[{"count":0,"href":"https:\/\/www.tarawa.com\/studio\/wp-json\/wp\/v2\/pages\/13735\/revisions"}],"wp:attachment":[{"href":"https:\/\/www.tarawa.com\/studio\/wp-json\/wp\/v2\/media?parent=13735"}],"curies":[{"name":"wp","href":"https:\/\/api.w.org\/{rel}","templated":true}]}}