{"id":12814,"date":"2025-01-27T16:17:52","date_gmt":"2025-01-27T15:17:52","guid":{"rendered":"https:\/\/www.tarawa.com\/studio\/?page_id=12814"},"modified":"2025-01-27T16:17:52","modified_gmt":"2025-01-27T15:17:52","slug":"album-tarawa-vias","status":"publish","type":"page","link":"https:\/\/www.tarawa.com\/studio\/albums\/album-tarawa-vias\/","title":{"rendered":"Album Tarawa Vias"},"content":{"rendered":"\n<p>Retrouvez une s\u00e9lection de photos de tatouages et de piercings r\u00e9alis\u00e9s au shop <a href=\"https:\/\/www.tarawa.com\/studio\/vias-plage\/\">Tarawa Vias <\/a><\/p>\n\n\n\n<div class=\"wp-block-columns is-layout-flex wp-container-core-columns-is-layout-9d6595d7 wp-block-columns-is-layout-flex\">\n<div class=\"wp-block-column is-layout-flow wp-block-column-is-layout-flow\">\n<figure class=\"wp-block-image size-full\"><img loading=\"lazy\" decoding=\"async\" width=\"1000\" height=\"1000\" src=\"https:\/\/www.tarawa.com\/studio\/wp-content\/uploads\/2025\/01\/album-tarawa-vias.png\" alt=\"\" class=\"wp-image-12830\" srcset=\"https:\/\/www.tarawa.com\/studio\/wp-content\/uploads\/2025\/01\/album-tarawa-vias.png 1000w, https:\/\/www.tarawa.com\/studio\/wp-content\/uploads\/2025\/01\/album-tarawa-vias-300x300.png 300w, https:\/\/www.tarawa.com\/studio\/wp-content\/uploads\/2025\/01\/album-tarawa-vias-150x150.png 150w, https:\/\/www.tarawa.com\/studio\/wp-content\/uploads\/2025\/01\/album-tarawa-vias-768x768.png 768w, https:\/\/www.tarawa.com\/studio\/wp-content\/uploads\/2025\/01\/album-tarawa-vias-900x900.png 900w, https:\/\/www.tarawa.com\/studio\/wp-content\/uploads\/2025\/01\/album-tarawa-vias-400x400.png 400w\" sizes=\"auto, (max-width: 1000px) 100vw, 1000px\" \/><\/figure>\n<\/div>\n\n\n\n<div class=\"wp-block-column is-layout-flow wp-block-column-is-layout-flow\">\n<figure class=\"wp-block-image size-full\"><img loading=\"lazy\" decoding=\"async\" width=\"1000\" height=\"1000\" src=\"https:\/\/www.tarawa.com\/studio\/wp-content\/uploads\/2025\/01\/album-vias-tarawa.png\" alt=\"\" class=\"wp-image-12831\" srcset=\"https:\/\/www.tarawa.com\/studio\/wp-content\/uploads\/2025\/01\/album-vias-tarawa.png 1000w, https:\/\/www.tarawa.com\/studio\/wp-content\/uploads\/2025\/01\/album-vias-tarawa-300x300.png 300w, https:\/\/www.tarawa.com\/studio\/wp-content\/uploads\/2025\/01\/album-vias-tarawa-150x150.png 150w, https:\/\/www.tarawa.com\/studio\/wp-content\/uploads\/2025\/01\/album-vias-tarawa-768x768.png 768w, https:\/\/www.tarawa.com\/studio\/wp-content\/uploads\/2025\/01\/album-vias-tarawa-900x900.png 900w, https:\/\/www.tarawa.com\/studio\/wp-content\/uploads\/2025\/01\/album-vias-tarawa-400x400.png 400w\" sizes=\"auto, (max-width: 1000px) 100vw, 1000px\" \/><\/figure>\n<\/div>\n\n\n\n<div class=\"wp-block-column is-layout-flow wp-block-column-is-layout-flow\">\n<figure class=\"wp-block-image size-full\"><img loading=\"lazy\" decoding=\"async\" width=\"1000\" height=\"1000\" src=\"https:\/\/www.tarawa.com\/studio\/wp-content\/uploads\/2025\/01\/album-vias.png\" alt=\"\" class=\"wp-image-12832\" srcset=\"https:\/\/www.tarawa.com\/studio\/wp-content\/uploads\/2025\/01\/album-vias.png 1000w, https:\/\/www.tarawa.com\/studio\/wp-content\/uploads\/2025\/01\/album-vias-300x300.png 300w, https:\/\/www.tarawa.com\/studio\/wp-content\/uploads\/2025\/01\/album-vias-150x150.png 150w, https:\/\/www.tarawa.com\/studio\/wp-content\/uploads\/2025\/01\/album-vias-768x768.png 768w, https:\/\/www.tarawa.com\/studio\/wp-content\/uploads\/2025\/01\/album-vias-900x900.png 900w, https:\/\/www.tarawa.com\/studio\/wp-content\/uploads\/2025\/01\/album-vias-400x400.png 400w\" sizes=\"auto, (max-width: 1000px) 100vw, 1000px\" \/><\/figure>\n<\/div>\n<\/div>\n\n\n\n<div class=\"wp-block-columns is-layout-flex wp-container-core-columns-is-layout-9d6595d7 wp-block-columns-is-layout-flex\">\n<div class=\"wp-block-column is-layout-flow wp-block-column-is-layout-flow\">\n<figure class=\"wp-block-image size-large\"><img loading=\"lazy\" decoding=\"async\" width=\"1024\" height=\"1024\" src=\"https:\/\/www.tarawa.com\/studio\/wp-content\/uploads\/2025\/01\/tatouage-pharaon-fab-1024x1024.jpg\" alt=\"\" class=\"wp-image-12815\" srcset=\"https:\/\/www.tarawa.com\/studio\/wp-content\/uploads\/2025\/01\/tatouage-pharaon-fab-1024x1024.jpg 1024w, https:\/\/www.tarawa.com\/studio\/wp-content\/uploads\/2025\/01\/tatouage-pharaon-fab-300x300.jpg 300w, https:\/\/www.tarawa.com\/studio\/wp-content\/uploads\/2025\/01\/tatouage-pharaon-fab-150x150.jpg 150w, https:\/\/www.tarawa.com\/studio\/wp-content\/uploads\/2025\/01\/tatouage-pharaon-fab-768x768.jpg 768w, https:\/\/www.tarawa.com\/studio\/wp-content\/uploads\/2025\/01\/tatouage-pharaon-fab-900x900.jpg 900w, https:\/\/www.tarawa.com\/studio\/wp-content\/uploads\/2025\/01\/tatouage-pharaon-fab-400x400.jpg 400w, https:\/\/www.tarawa.com\/studio\/wp-content\/uploads\/2025\/01\/tatouage-pharaon-fab.jpg 1080w\" sizes=\"auto, (max-width: 1024px) 100vw, 1024px\" \/><\/figure>\n<\/div>\n\n\n\n<div class=\"wp-block-column is-layout-flow wp-block-column-is-layout-flow\">\n<figure class=\"wp-block-image size-large\"><img loading=\"lazy\" decoding=\"async\" width=\"1024\" height=\"1024\" src=\"https:\/\/www.tarawa.com\/studio\/wp-content\/uploads\/2025\/01\/tatouage-papillon-fab-1024x1024.jpg\" alt=\"\" class=\"wp-image-12816\" srcset=\"https:\/\/www.tarawa.com\/studio\/wp-content\/uploads\/2025\/01\/tatouage-papillon-fab-1024x1024.jpg 1024w, https:\/\/www.tarawa.com\/studio\/wp-content\/uploads\/2025\/01\/tatouage-papillon-fab-300x300.jpg 300w, https:\/\/www.tarawa.com\/studio\/wp-content\/uploads\/2025\/01\/tatouage-papillon-fab-150x150.jpg 150w, https:\/\/www.tarawa.com\/studio\/wp-content\/uploads\/2025\/01\/tatouage-papillon-fab-768x768.jpg 768w, https:\/\/www.tarawa.com\/studio\/wp-content\/uploads\/2025\/01\/tatouage-papillon-fab-900x900.jpg 900w, https:\/\/www.tarawa.com\/studio\/wp-content\/uploads\/2025\/01\/tatouage-papillon-fab-400x400.jpg 400w, https:\/\/www.tarawa.com\/studio\/wp-content\/uploads\/2025\/01\/tatouage-papillon-fab.jpg 1080w\" sizes=\"auto, (max-width: 1024px) 100vw, 1024px\" \/><\/figure>\n<\/div>\n\n\n\n<div class=\"wp-block-column is-layout-flow wp-block-column-is-layout-flow\">\n<figure class=\"wp-block-image size-large\"><img loading=\"lazy\" decoding=\"async\" width=\"1024\" height=\"1024\" src=\"https:\/\/www.tarawa.com\/studio\/wp-content\/uploads\/2025\/01\/tatouage-ourson-fab-1024x1024.jpg\" alt=\"\" class=\"wp-image-12817\" srcset=\"https:\/\/www.tarawa.com\/studio\/wp-content\/uploads\/2025\/01\/tatouage-ourson-fab-1024x1024.jpg 1024w, https:\/\/www.tarawa.com\/studio\/wp-content\/uploads\/2025\/01\/tatouage-ourson-fab-300x300.jpg 300w, https:\/\/www.tarawa.com\/studio\/wp-content\/uploads\/2025\/01\/tatouage-ourson-fab-150x150.jpg 150w, https:\/\/www.tarawa.com\/studio\/wp-content\/uploads\/2025\/01\/tatouage-ourson-fab-768x768.jpg 768w, https:\/\/www.tarawa.com\/studio\/wp-content\/uploads\/2025\/01\/tatouage-ourson-fab-900x900.jpg 900w, https:\/\/www.tarawa.com\/studio\/wp-content\/uploads\/2025\/01\/tatouage-ourson-fab-400x400.jpg 400w, https:\/\/www.tarawa.com\/studio\/wp-content\/uploads\/2025\/01\/tatouage-ourson-fab.jpg 1080w\" sizes=\"auto, (max-width: 1024px) 100vw, 1024px\" \/><\/figure>\n<\/div>\n<\/div>\n\n\n\n<div class=\"wp-block-columns is-layout-flex wp-container-core-columns-is-layout-9d6595d7 wp-block-columns-is-layout-flex\">\n<div class=\"wp-block-column is-layout-flow wp-block-column-is-layout-flow\">\n<figure class=\"wp-block-image size-large\"><img loading=\"lazy\" decoding=\"async\" width=\"1024\" height=\"1024\" src=\"https:\/\/www.tarawa.com\/studio\/wp-content\/uploads\/2025\/01\/tatouage-musique-fab-1024x1024.jpg\" alt=\"\" class=\"wp-image-12818\" srcset=\"https:\/\/www.tarawa.com\/studio\/wp-content\/uploads\/2025\/01\/tatouage-musique-fab-1024x1024.jpg 1024w, https:\/\/www.tarawa.com\/studio\/wp-content\/uploads\/2025\/01\/tatouage-musique-fab-300x300.jpg 300w, https:\/\/www.tarawa.com\/studio\/wp-content\/uploads\/2025\/01\/tatouage-musique-fab-150x150.jpg 150w, https:\/\/www.tarawa.com\/studio\/wp-content\/uploads\/2025\/01\/tatouage-musique-fab-768x768.jpg 768w, https:\/\/www.tarawa.com\/studio\/wp-content\/uploads\/2025\/01\/tatouage-musique-fab-900x900.jpg 900w, https:\/\/www.tarawa.com\/studio\/wp-content\/uploads\/2025\/01\/tatouage-musique-fab-400x400.jpg 400w, https:\/\/www.tarawa.com\/studio\/wp-content\/uploads\/2025\/01\/tatouage-musique-fab.jpg 1080w\" sizes=\"auto, (max-width: 1024px) 100vw, 1024px\" \/><\/figure>\n<\/div>\n\n\n\n<div class=\"wp-block-column is-layout-flow wp-block-column-is-layout-flow\">\n<figure class=\"wp-block-image size-large\"><img loading=\"lazy\" decoding=\"async\" width=\"1024\" height=\"1024\" src=\"https:\/\/www.tarawa.com\/studio\/wp-content\/uploads\/2025\/01\/tatouage-mort-fab-1024x1024.jpg\" alt=\"\" class=\"wp-image-12819\" srcset=\"https:\/\/www.tarawa.com\/studio\/wp-content\/uploads\/2025\/01\/tatouage-mort-fab-1024x1024.jpg 1024w, https:\/\/www.tarawa.com\/studio\/wp-content\/uploads\/2025\/01\/tatouage-mort-fab-300x300.jpg 300w, https:\/\/www.tarawa.com\/studio\/wp-content\/uploads\/2025\/01\/tatouage-mort-fab-150x150.jpg 150w, https:\/\/www.tarawa.com\/studio\/wp-content\/uploads\/2025\/01\/tatouage-mort-fab-768x768.jpg 768w, https:\/\/www.tarawa.com\/studio\/wp-content\/uploads\/2025\/01\/tatouage-mort-fab-900x900.jpg 900w, https:\/\/www.tarawa.com\/studio\/wp-content\/uploads\/2025\/01\/tatouage-mort-fab-400x400.jpg 400w, https:\/\/www.tarawa.com\/studio\/wp-content\/uploads\/2025\/01\/tatouage-mort-fab.jpg 1080w\" sizes=\"auto, (max-width: 1024px) 100vw, 1024px\" \/><\/figure>\n<\/div>\n\n\n\n<div class=\"wp-block-column is-layout-flow wp-block-column-is-layout-flow\">\n<figure class=\"wp-block-image size-large\"><img loading=\"lazy\" decoding=\"async\" width=\"1024\" height=\"1024\" src=\"https:\/\/www.tarawa.com\/studio\/wp-content\/uploads\/2025\/01\/tatouage-manchette-fab-1024x1024.jpg\" alt=\"\" class=\"wp-image-12820\" srcset=\"https:\/\/www.tarawa.com\/studio\/wp-content\/uploads\/2025\/01\/tatouage-manchette-fab-1024x1024.jpg 1024w, https:\/\/www.tarawa.com\/studio\/wp-content\/uploads\/2025\/01\/tatouage-manchette-fab-300x300.jpg 300w, https:\/\/www.tarawa.com\/studio\/wp-content\/uploads\/2025\/01\/tatouage-manchette-fab-150x150.jpg 150w, https:\/\/www.tarawa.com\/studio\/wp-content\/uploads\/2025\/01\/tatouage-manchette-fab-768x768.jpg 768w, https:\/\/www.tarawa.com\/studio\/wp-content\/uploads\/2025\/01\/tatouage-manchette-fab-900x900.jpg 900w, https:\/\/www.tarawa.com\/studio\/wp-content\/uploads\/2025\/01\/tatouage-manchette-fab-400x400.jpg 400w, https:\/\/www.tarawa.com\/studio\/wp-content\/uploads\/2025\/01\/tatouage-manchette-fab.jpg 1080w\" sizes=\"auto, (max-width: 1024px) 100vw, 1024px\" \/><\/figure>\n<\/div>\n<\/div>\n\n\n\n<div class=\"wp-block-columns is-layout-flex wp-container-core-columns-is-layout-9d6595d7 wp-block-columns-is-layout-flex\">\n<div class=\"wp-block-column is-layout-flow wp-block-column-is-layout-flow\">\n<figure class=\"wp-block-image size-full\"><img loading=\"lazy\" decoding=\"async\" width=\"1000\" height=\"1000\" src=\"https:\/\/www.tarawa.com\/studio\/wp-content\/uploads\/2025\/01\/nomvril-strass-inverse-1.png\" alt=\"\" class=\"wp-image-12821\" srcset=\"https:\/\/www.tarawa.com\/studio\/wp-content\/uploads\/2025\/01\/nomvril-strass-inverse-1.png 1000w, https:\/\/www.tarawa.com\/studio\/wp-content\/uploads\/2025\/01\/nomvril-strass-inverse-1-300x300.png 300w, https:\/\/www.tarawa.com\/studio\/wp-content\/uploads\/2025\/01\/nomvril-strass-inverse-1-150x150.png 150w, https:\/\/www.tarawa.com\/studio\/wp-content\/uploads\/2025\/01\/nomvril-strass-inverse-1-768x768.png 768w, https:\/\/www.tarawa.com\/studio\/wp-content\/uploads\/2025\/01\/nomvril-strass-inverse-1-900x900.png 900w, https:\/\/www.tarawa.com\/studio\/wp-content\/uploads\/2025\/01\/nomvril-strass-inverse-1-400x400.png 400w\" sizes=\"auto, (max-width: 1000px) 100vw, 1000px\" \/><\/figure>\n<\/div>\n\n\n\n<div class=\"wp-block-column is-layout-flow wp-block-column-is-layout-flow\">\n<figure class=\"wp-block-image size-full\"><img loading=\"lazy\" decoding=\"async\" width=\"1000\" height=\"1000\" src=\"https:\/\/www.tarawa.com\/studio\/wp-content\/uploads\/2025\/01\/piercing-narines.png\" alt=\"\" class=\"wp-image-12822\" srcset=\"https:\/\/www.tarawa.com\/studio\/wp-content\/uploads\/2025\/01\/piercing-narines.png 1000w, https:\/\/www.tarawa.com\/studio\/wp-content\/uploads\/2025\/01\/piercing-narines-300x300.png 300w, https:\/\/www.tarawa.com\/studio\/wp-content\/uploads\/2025\/01\/piercing-narines-150x150.png 150w, https:\/\/www.tarawa.com\/studio\/wp-content\/uploads\/2025\/01\/piercing-narines-768x768.png 768w, https:\/\/www.tarawa.com\/studio\/wp-content\/uploads\/2025\/01\/piercing-narines-900x900.png 900w, https:\/\/www.tarawa.com\/studio\/wp-content\/uploads\/2025\/01\/piercing-narines-400x400.png 400w\" sizes=\"auto, (max-width: 1000px) 100vw, 1000px\" \/><\/figure>\n<\/div>\n\n\n\n<div class=\"wp-block-column is-layout-flow wp-block-column-is-layout-flow\">\n<figure class=\"wp-block-image size-full\"><img loading=\"lazy\" decoding=\"async\" width=\"1000\" height=\"1000\" src=\"https:\/\/www.tarawa.com\/studio\/wp-content\/uploads\/2025\/01\/microdermal-oreille-1.png\" alt=\"\" class=\"wp-image-12823\" srcset=\"https:\/\/www.tarawa.com\/studio\/wp-content\/uploads\/2025\/01\/microdermal-oreille-1.png 1000w, https:\/\/www.tarawa.com\/studio\/wp-content\/uploads\/2025\/01\/microdermal-oreille-1-300x300.png 300w, https:\/\/www.tarawa.com\/studio\/wp-content\/uploads\/2025\/01\/microdermal-oreille-1-150x150.png 150w, https:\/\/www.tarawa.com\/studio\/wp-content\/uploads\/2025\/01\/microdermal-oreille-1-768x768.png 768w, https:\/\/www.tarawa.com\/studio\/wp-content\/uploads\/2025\/01\/microdermal-oreille-1-900x900.png 900w, https:\/\/www.tarawa.com\/studio\/wp-content\/uploads\/2025\/01\/microdermal-oreille-1-400x400.png 400w\" sizes=\"auto, (max-width: 1000px) 100vw, 1000px\" \/><\/figure>\n<\/div>\n<\/div>\n\n\n\n<div class=\"wp-block-columns is-layout-flex wp-container-core-columns-is-layout-9d6595d7 wp-block-columns-is-layout-flex\">\n<div class=\"wp-block-column is-layout-flow wp-block-column-is-layout-flow\">\n<figure class=\"wp-block-image size-full\"><img loading=\"lazy\" decoding=\"async\" width=\"1000\" height=\"1000\" src=\"https:\/\/www.tarawa.com\/studio\/wp-content\/uploads\/2025\/01\/compo-lobes-1.png\" alt=\"\" class=\"wp-image-12824\" srcset=\"https:\/\/www.tarawa.com\/studio\/wp-content\/uploads\/2025\/01\/compo-lobes-1.png 1000w, https:\/\/www.tarawa.com\/studio\/wp-content\/uploads\/2025\/01\/compo-lobes-1-300x300.png 300w, https:\/\/www.tarawa.com\/studio\/wp-content\/uploads\/2025\/01\/compo-lobes-1-150x150.png 150w, https:\/\/www.tarawa.com\/studio\/wp-content\/uploads\/2025\/01\/compo-lobes-1-768x768.png 768w, https:\/\/www.tarawa.com\/studio\/wp-content\/uploads\/2025\/01\/compo-lobes-1-900x900.png 900w, https:\/\/www.tarawa.com\/studio\/wp-content\/uploads\/2025\/01\/compo-lobes-1-400x400.png 400w\" sizes=\"auto, (max-width: 1000px) 100vw, 1000px\" \/><\/figure>\n<\/div>\n\n\n\n<div class=\"wp-block-column is-layout-flow wp-block-column-is-layout-flow\">\n<figure class=\"wp-block-image size-full\"><img loading=\"lazy\" decoding=\"async\" width=\"1000\" height=\"1000\" src=\"https:\/\/www.tarawa.com\/studio\/wp-content\/uploads\/2025\/01\/compo-oreille-dore-1.png\" alt=\"\" class=\"wp-image-12825\" srcset=\"https:\/\/www.tarawa.com\/studio\/wp-content\/uploads\/2025\/01\/compo-oreille-dore-1.png 1000w, https:\/\/www.tarawa.com\/studio\/wp-content\/uploads\/2025\/01\/compo-oreille-dore-1-300x300.png 300w, https:\/\/www.tarawa.com\/studio\/wp-content\/uploads\/2025\/01\/compo-oreille-dore-1-150x150.png 150w, https:\/\/www.tarawa.com\/studio\/wp-content\/uploads\/2025\/01\/compo-oreille-dore-1-768x768.png 768w, https:\/\/www.tarawa.com\/studio\/wp-content\/uploads\/2025\/01\/compo-oreille-dore-1-900x900.png 900w, https:\/\/www.tarawa.com\/studio\/wp-content\/uploads\/2025\/01\/compo-oreille-dore-1-400x400.png 400w\" sizes=\"auto, (max-width: 1000px) 100vw, 1000px\" \/><\/figure>\n<\/div>\n\n\n\n<div class=\"wp-block-column is-layout-flow wp-block-column-is-layout-flow\">\n<figure class=\"wp-block-image size-full\"><img loading=\"lazy\" decoding=\"async\" width=\"1000\" height=\"1000\" src=\"https:\/\/www.tarawa.com\/studio\/wp-content\/uploads\/2025\/01\/piercing-conch-labret-1.png\" alt=\"\" class=\"wp-image-12826\" srcset=\"https:\/\/www.tarawa.com\/studio\/wp-content\/uploads\/2025\/01\/piercing-conch-labret-1.png 1000w, https:\/\/www.tarawa.com\/studio\/wp-content\/uploads\/2025\/01\/piercing-conch-labret-1-300x300.png 300w, https:\/\/www.tarawa.com\/studio\/wp-content\/uploads\/2025\/01\/piercing-conch-labret-1-150x150.png 150w, https:\/\/www.tarawa.com\/studio\/wp-content\/uploads\/2025\/01\/piercing-conch-labret-1-768x768.png 768w, https:\/\/www.tarawa.com\/studio\/wp-content\/uploads\/2025\/01\/piercing-conch-labret-1-900x900.png 900w, https:\/\/www.tarawa.com\/studio\/wp-content\/uploads\/2025\/01\/piercing-conch-labret-1-400x400.png 400w\" sizes=\"auto, (max-width: 1000px) 100vw, 1000px\" \/><\/figure>\n<\/div>\n<\/div>\n\n\n\n<div class=\"wp-block-columns is-layout-flex wp-container-core-columns-is-layout-9d6595d7 wp-block-columns-is-layout-flex\">\n<div class=\"wp-block-column is-layout-flow wp-block-column-is-layout-flow\">\n<figure class=\"wp-block-image size-full\"><img loading=\"lazy\" decoding=\"async\" width=\"1000\" height=\"1000\" src=\"https:\/\/www.tarawa.com\/studio\/wp-content\/uploads\/2025\/01\/piercing-langue-sublingual-1.png\" alt=\"\" class=\"wp-image-12827\" srcset=\"https:\/\/www.tarawa.com\/studio\/wp-content\/uploads\/2025\/01\/piercing-langue-sublingual-1.png 1000w, https:\/\/www.tarawa.com\/studio\/wp-content\/uploads\/2025\/01\/piercing-langue-sublingual-1-300x300.png 300w, https:\/\/www.tarawa.com\/studio\/wp-content\/uploads\/2025\/01\/piercing-langue-sublingual-1-150x150.png 150w, https:\/\/www.tarawa.com\/studio\/wp-content\/uploads\/2025\/01\/piercing-langue-sublingual-1-768x768.png 768w, https:\/\/www.tarawa.com\/studio\/wp-content\/uploads\/2025\/01\/piercing-langue-sublingual-1-900x900.png 900w, https:\/\/www.tarawa.com\/studio\/wp-content\/uploads\/2025\/01\/piercing-langue-sublingual-1-400x400.png 400w\" sizes=\"auto, (max-width: 1000px) 100vw, 1000px\" \/><\/figure>\n<\/div>\n\n\n\n<div class=\"wp-block-column is-layout-flow wp-block-column-is-layout-flow\">\n<figure class=\"wp-block-image size-full\"><img loading=\"lazy\" decoding=\"async\" width=\"1000\" height=\"1000\" src=\"https:\/\/www.tarawa.com\/studio\/wp-content\/uploads\/2025\/01\/piercing-levres-1.png\" alt=\"\" class=\"wp-image-12828\" srcset=\"https:\/\/www.tarawa.com\/studio\/wp-content\/uploads\/2025\/01\/piercing-levres-1.png 1000w, https:\/\/www.tarawa.com\/studio\/wp-content\/uploads\/2025\/01\/piercing-levres-1-300x300.png 300w, https:\/\/www.tarawa.com\/studio\/wp-content\/uploads\/2025\/01\/piercing-levres-1-150x150.png 150w, https:\/\/www.tarawa.com\/studio\/wp-content\/uploads\/2025\/01\/piercing-levres-1-768x768.png 768w, https:\/\/www.tarawa.com\/studio\/wp-content\/uploads\/2025\/01\/piercing-levres-1-900x900.png 900w, https:\/\/www.tarawa.com\/studio\/wp-content\/uploads\/2025\/01\/piercing-levres-1-400x400.png 400w\" sizes=\"auto, (max-width: 1000px) 100vw, 1000px\" \/><\/figure>\n<\/div>\n\n\n\n<div class=\"wp-block-column is-layout-flow wp-block-column-is-layout-flow\">\n<figure class=\"wp-block-image size-full\"><img loading=\"lazy\" decoding=\"async\" width=\"1000\" height=\"1000\" src=\"https:\/\/www.tarawa.com\/studio\/wp-content\/uploads\/2025\/01\/piercing-nez-2.png\" alt=\"\" class=\"wp-image-12829\" srcset=\"https:\/\/www.tarawa.com\/studio\/wp-content\/uploads\/2025\/01\/piercing-nez-2.png 1000w, https:\/\/www.tarawa.com\/studio\/wp-content\/uploads\/2025\/01\/piercing-nez-2-300x300.png 300w, https:\/\/www.tarawa.com\/studio\/wp-content\/uploads\/2025\/01\/piercing-nez-2-150x150.png 150w, https:\/\/www.tarawa.com\/studio\/wp-content\/uploads\/2025\/01\/piercing-nez-2-768x768.png 768w, https:\/\/www.tarawa.com\/studio\/wp-content\/uploads\/2025\/01\/piercing-nez-2-900x900.png 900w, https:\/\/www.tarawa.com\/studio\/wp-content\/uploads\/2025\/01\/piercing-nez-2-400x400.png 400w\" sizes=\"auto, (max-width: 1000px) 100vw, 1000px\" \/><\/figure>\n<\/div>\n<\/div>\n","protected":false},"excerpt":{"rendered":"<p>Retrouvez une s\u00e9lection de photos de tatouages et de piercings r\u00e9alis\u00e9s au shop Tarawa Vias<\/p>\n","protected":false},"author":1,"featured_media":0,"parent":7416,"menu_order":0,"comment_status":"closed","ping_status":"closed","template":"","meta":{"_monsterinsights_skip_tracking":false,"_monsterinsights_sitenote_active":false,"_monsterinsights_sitenote_note":"","_monsterinsights_sitenote_category":0,"footnotes":""},"class_list":["post-12814","page","type-page","status-publish","hentry"],"_links":{"self":[{"href":"https:\/\/www.tarawa.com\/studio\/wp-json\/wp\/v2\/pages\/12814","targetHints":{"allow":["GET"]}}],"collection":[{"href":"https:\/\/www.tarawa.com\/studio\/wp-json\/wp\/v2\/pages"}],"about":[{"href":"https:\/\/www.tarawa.com\/studio\/wp-json\/wp\/v2\/types\/page"}],"author":[{"embeddable":true,"href":"https:\/\/www.tarawa.com\/studio\/wp-json\/wp\/v2\/users\/1"}],"replies":[{"embeddable":true,"href":"https:\/\/www.tarawa.com\/studio\/wp-json\/wp\/v2\/comments?post=12814"}],"version-history":[{"count":0,"href":"https:\/\/www.tarawa.com\/studio\/wp-json\/wp\/v2\/pages\/12814\/revisions"}],"up":[{"embeddable":true,"href":"https:\/\/www.tarawa.com\/studio\/wp-json\/wp\/v2\/pages\/7416"}],"wp:attachment":[{"href":"https:\/\/www.tarawa.com\/studio\/wp-json\/wp\/v2\/media?parent=12814"}],"curies":[{"name":"wp","href":"https:\/\/api.w.org\/{rel}","templated":true}]}}