{"id":12792,"date":"2025-01-27T16:08:54","date_gmt":"2025-01-27T15:08:54","guid":{"rendered":"https:\/\/www.tarawa.com\/studio\/?page_id=12792"},"modified":"2025-01-27T16:08:54","modified_gmt":"2025-01-27T15:08:54","slug":"album-tarawa-marseillan","status":"publish","type":"page","link":"https:\/\/www.tarawa.com\/studio\/albums\/album-tarawa-marseillan\/","title":{"rendered":"Album Tarawa Marseillan"},"content":{"rendered":"\n<p>Retrouvez une s\u00e9lection de photos de tatouages et de piercings r\u00e9alis\u00e9s au shop <a href=\"https:\/\/www.tarawa.com\/studio\/marseillan\/\">Tarawa Marseillan <\/a><\/p>\n\n\n\n<div class=\"wp-block-columns is-layout-flex wp-container-core-columns-is-layout-9d6595d7 wp-block-columns-is-layout-flex\">\n<div class=\"wp-block-column is-layout-flow wp-block-column-is-layout-flow\">\n<figure class=\"wp-block-image size-full\"><img loading=\"lazy\" decoding=\"async\" width=\"1000\" height=\"1000\" src=\"https:\/\/www.tarawa.com\/studio\/wp-content\/uploads\/2025\/01\/album-marseillan.png\" alt=\"\" class=\"wp-image-12811\" srcset=\"https:\/\/www.tarawa.com\/studio\/wp-content\/uploads\/2025\/01\/album-marseillan.png 1000w, https:\/\/www.tarawa.com\/studio\/wp-content\/uploads\/2025\/01\/album-marseillan-300x300.png 300w, https:\/\/www.tarawa.com\/studio\/wp-content\/uploads\/2025\/01\/album-marseillan-150x150.png 150w, https:\/\/www.tarawa.com\/studio\/wp-content\/uploads\/2025\/01\/album-marseillan-768x768.png 768w, https:\/\/www.tarawa.com\/studio\/wp-content\/uploads\/2025\/01\/album-marseillan-900x900.png 900w, https:\/\/www.tarawa.com\/studio\/wp-content\/uploads\/2025\/01\/album-marseillan-400x400.png 400w\" sizes=\"auto, (max-width: 1000px) 100vw, 1000px\" \/><\/figure>\n<\/div>\n\n\n\n<div class=\"wp-block-column is-layout-flow wp-block-column-is-layout-flow\">\n<figure class=\"wp-block-image size-full\"><img loading=\"lazy\" decoding=\"async\" width=\"1000\" height=\"1000\" src=\"https:\/\/www.tarawa.com\/studio\/wp-content\/uploads\/2025\/01\/album-tarawa-marseillan.png\" alt=\"\" class=\"wp-image-12812\" srcset=\"https:\/\/www.tarawa.com\/studio\/wp-content\/uploads\/2025\/01\/album-tarawa-marseillan.png 1000w, https:\/\/www.tarawa.com\/studio\/wp-content\/uploads\/2025\/01\/album-tarawa-marseillan-300x300.png 300w, https:\/\/www.tarawa.com\/studio\/wp-content\/uploads\/2025\/01\/album-tarawa-marseillan-150x150.png 150w, https:\/\/www.tarawa.com\/studio\/wp-content\/uploads\/2025\/01\/album-tarawa-marseillan-768x768.png 768w, https:\/\/www.tarawa.com\/studio\/wp-content\/uploads\/2025\/01\/album-tarawa-marseillan-900x900.png 900w, https:\/\/www.tarawa.com\/studio\/wp-content\/uploads\/2025\/01\/album-tarawa-marseillan-400x400.png 400w\" sizes=\"auto, (max-width: 1000px) 100vw, 1000px\" \/><\/figure>\n<\/div>\n\n\n\n<div class=\"wp-block-column is-layout-flow wp-block-column-is-layout-flow\">\n<figure class=\"wp-block-image size-full\"><img loading=\"lazy\" decoding=\"async\" width=\"1000\" height=\"1000\" src=\"https:\/\/www.tarawa.com\/studio\/wp-content\/uploads\/2025\/01\/album-marseillan-tarawa.png\" alt=\"\" class=\"wp-image-12813\" srcset=\"https:\/\/www.tarawa.com\/studio\/wp-content\/uploads\/2025\/01\/album-marseillan-tarawa.png 1000w, https:\/\/www.tarawa.com\/studio\/wp-content\/uploads\/2025\/01\/album-marseillan-tarawa-300x300.png 300w, https:\/\/www.tarawa.com\/studio\/wp-content\/uploads\/2025\/01\/album-marseillan-tarawa-150x150.png 150w, https:\/\/www.tarawa.com\/studio\/wp-content\/uploads\/2025\/01\/album-marseillan-tarawa-768x768.png 768w, https:\/\/www.tarawa.com\/studio\/wp-content\/uploads\/2025\/01\/album-marseillan-tarawa-900x900.png 900w, https:\/\/www.tarawa.com\/studio\/wp-content\/uploads\/2025\/01\/album-marseillan-tarawa-400x400.png 400w\" sizes=\"auto, (max-width: 1000px) 100vw, 1000px\" \/><\/figure>\n<\/div>\n<\/div>\n\n\n\n<div class=\"wp-block-columns is-layout-flex wp-container-core-columns-is-layout-9d6595d7 wp-block-columns-is-layout-flex\">\n<div class=\"wp-block-column is-layout-flow wp-block-column-is-layout-flow\">\n<figure class=\"wp-block-image size-large\"><img loading=\"lazy\" decoding=\"async\" width=\"1024\" height=\"1024\" src=\"https:\/\/www.tarawa.com\/studio\/wp-content\/uploads\/2025\/01\/tatouuage-luigi-fab-1024x1024.jpg\" alt=\"\" class=\"wp-image-12793\" srcset=\"https:\/\/www.tarawa.com\/studio\/wp-content\/uploads\/2025\/01\/tatouuage-luigi-fab-1024x1024.jpg 1024w, https:\/\/www.tarawa.com\/studio\/wp-content\/uploads\/2025\/01\/tatouuage-luigi-fab-300x300.jpg 300w, https:\/\/www.tarawa.com\/studio\/wp-content\/uploads\/2025\/01\/tatouuage-luigi-fab-150x150.jpg 150w, https:\/\/www.tarawa.com\/studio\/wp-content\/uploads\/2025\/01\/tatouuage-luigi-fab-768x768.jpg 768w, https:\/\/www.tarawa.com\/studio\/wp-content\/uploads\/2025\/01\/tatouuage-luigi-fab-900x900.jpg 900w, https:\/\/www.tarawa.com\/studio\/wp-content\/uploads\/2025\/01\/tatouuage-luigi-fab-400x400.jpg 400w, https:\/\/www.tarawa.com\/studio\/wp-content\/uploads\/2025\/01\/tatouuage-luigi-fab.jpg 1080w\" sizes=\"auto, (max-width: 1024px) 100vw, 1024px\" \/><\/figure>\n<\/div>\n\n\n\n<div class=\"wp-block-column is-layout-flow wp-block-column-is-layout-flow\">\n<figure class=\"wp-block-image size-large\"><img loading=\"lazy\" decoding=\"async\" width=\"1024\" height=\"1024\" src=\"https:\/\/www.tarawa.com\/studio\/wp-content\/uploads\/2025\/01\/tatouage-torse-fab-1024x1024.jpg\" alt=\"\" class=\"wp-image-12794\" srcset=\"https:\/\/www.tarawa.com\/studio\/wp-content\/uploads\/2025\/01\/tatouage-torse-fab-1024x1024.jpg 1024w, https:\/\/www.tarawa.com\/studio\/wp-content\/uploads\/2025\/01\/tatouage-torse-fab-300x300.jpg 300w, https:\/\/www.tarawa.com\/studio\/wp-content\/uploads\/2025\/01\/tatouage-torse-fab-150x150.jpg 150w, https:\/\/www.tarawa.com\/studio\/wp-content\/uploads\/2025\/01\/tatouage-torse-fab-768x768.jpg 768w, https:\/\/www.tarawa.com\/studio\/wp-content\/uploads\/2025\/01\/tatouage-torse-fab-900x900.jpg 900w, https:\/\/www.tarawa.com\/studio\/wp-content\/uploads\/2025\/01\/tatouage-torse-fab-400x400.jpg 400w, https:\/\/www.tarawa.com\/studio\/wp-content\/uploads\/2025\/01\/tatouage-torse-fab.jpg 1080w\" sizes=\"auto, (max-width: 1024px) 100vw, 1024px\" \/><\/figure>\n<\/div>\n\n\n\n<div class=\"wp-block-column is-layout-flow wp-block-column-is-layout-flow\">\n<figure class=\"wp-block-image size-large\"><img loading=\"lazy\" decoding=\"async\" width=\"1024\" height=\"1024\" src=\"https:\/\/www.tarawa.com\/studio\/wp-content\/uploads\/2025\/01\/tatouage-stitch-fab-1024x1024.jpg\" alt=\"\" class=\"wp-image-12795\" srcset=\"https:\/\/www.tarawa.com\/studio\/wp-content\/uploads\/2025\/01\/tatouage-stitch-fab-1024x1024.jpg 1024w, https:\/\/www.tarawa.com\/studio\/wp-content\/uploads\/2025\/01\/tatouage-stitch-fab-300x300.jpg 300w, https:\/\/www.tarawa.com\/studio\/wp-content\/uploads\/2025\/01\/tatouage-stitch-fab-150x150.jpg 150w, https:\/\/www.tarawa.com\/studio\/wp-content\/uploads\/2025\/01\/tatouage-stitch-fab-768x768.jpg 768w, https:\/\/www.tarawa.com\/studio\/wp-content\/uploads\/2025\/01\/tatouage-stitch-fab-900x900.jpg 900w, https:\/\/www.tarawa.com\/studio\/wp-content\/uploads\/2025\/01\/tatouage-stitch-fab-400x400.jpg 400w, https:\/\/www.tarawa.com\/studio\/wp-content\/uploads\/2025\/01\/tatouage-stitch-fab.jpg 1080w\" sizes=\"auto, (max-width: 1024px) 100vw, 1024px\" \/><\/figure>\n<\/div>\n<\/div>\n\n\n\n<div class=\"wp-block-columns is-layout-flex wp-container-core-columns-is-layout-9d6595d7 wp-block-columns-is-layout-flex\">\n<div class=\"wp-block-column is-layout-flow wp-block-column-is-layout-flow\">\n<figure class=\"wp-block-image size-large\"><img loading=\"lazy\" decoding=\"async\" width=\"1024\" height=\"1024\" src=\"https:\/\/www.tarawa.com\/studio\/wp-content\/uploads\/2025\/01\/tatouage-serpent-fab-1024x1024.jpg\" alt=\"\" class=\"wp-image-12796\" srcset=\"https:\/\/www.tarawa.com\/studio\/wp-content\/uploads\/2025\/01\/tatouage-serpent-fab-1024x1024.jpg 1024w, https:\/\/www.tarawa.com\/studio\/wp-content\/uploads\/2025\/01\/tatouage-serpent-fab-300x300.jpg 300w, https:\/\/www.tarawa.com\/studio\/wp-content\/uploads\/2025\/01\/tatouage-serpent-fab-150x150.jpg 150w, https:\/\/www.tarawa.com\/studio\/wp-content\/uploads\/2025\/01\/tatouage-serpent-fab-768x768.jpg 768w, https:\/\/www.tarawa.com\/studio\/wp-content\/uploads\/2025\/01\/tatouage-serpent-fab-900x900.jpg 900w, https:\/\/www.tarawa.com\/studio\/wp-content\/uploads\/2025\/01\/tatouage-serpent-fab-400x400.jpg 400w, https:\/\/www.tarawa.com\/studio\/wp-content\/uploads\/2025\/01\/tatouage-serpent-fab.jpg 1080w\" sizes=\"auto, (max-width: 1024px) 100vw, 1024px\" \/><\/figure>\n<\/div>\n\n\n\n<div class=\"wp-block-column is-layout-flow wp-block-column-is-layout-flow\">\n<figure class=\"wp-block-image size-large\"><img loading=\"lazy\" decoding=\"async\" width=\"1024\" height=\"1024\" src=\"https:\/\/www.tarawa.com\/studio\/wp-content\/uploads\/2025\/01\/tatouage-roses-fab-1024x1024.jpg\" alt=\"\" class=\"wp-image-12797\" srcset=\"https:\/\/www.tarawa.com\/studio\/wp-content\/uploads\/2025\/01\/tatouage-roses-fab-1024x1024.jpg 1024w, https:\/\/www.tarawa.com\/studio\/wp-content\/uploads\/2025\/01\/tatouage-roses-fab-300x300.jpg 300w, https:\/\/www.tarawa.com\/studio\/wp-content\/uploads\/2025\/01\/tatouage-roses-fab-150x150.jpg 150w, https:\/\/www.tarawa.com\/studio\/wp-content\/uploads\/2025\/01\/tatouage-roses-fab-768x768.jpg 768w, https:\/\/www.tarawa.com\/studio\/wp-content\/uploads\/2025\/01\/tatouage-roses-fab-900x900.jpg 900w, https:\/\/www.tarawa.com\/studio\/wp-content\/uploads\/2025\/01\/tatouage-roses-fab-400x400.jpg 400w, https:\/\/www.tarawa.com\/studio\/wp-content\/uploads\/2025\/01\/tatouage-roses-fab.jpg 1080w\" sizes=\"auto, (max-width: 1024px) 100vw, 1024px\" \/><\/figure>\n<\/div>\n\n\n\n<div class=\"wp-block-column is-layout-flow wp-block-column-is-layout-flow\">\n<figure class=\"wp-block-image size-large\"><img loading=\"lazy\" decoding=\"async\" width=\"1024\" height=\"1024\" src=\"https:\/\/www.tarawa.com\/studio\/wp-content\/uploads\/2025\/01\/tatouage-religieux-fab-1024x1024.jpg\" alt=\"\" class=\"wp-image-12798\" srcset=\"https:\/\/www.tarawa.com\/studio\/wp-content\/uploads\/2025\/01\/tatouage-religieux-fab-1024x1024.jpg 1024w, https:\/\/www.tarawa.com\/studio\/wp-content\/uploads\/2025\/01\/tatouage-religieux-fab-300x300.jpg 300w, https:\/\/www.tarawa.com\/studio\/wp-content\/uploads\/2025\/01\/tatouage-religieux-fab-150x150.jpg 150w, https:\/\/www.tarawa.com\/studio\/wp-content\/uploads\/2025\/01\/tatouage-religieux-fab-768x768.jpg 768w, https:\/\/www.tarawa.com\/studio\/wp-content\/uploads\/2025\/01\/tatouage-religieux-fab-900x900.jpg 900w, https:\/\/www.tarawa.com\/studio\/wp-content\/uploads\/2025\/01\/tatouage-religieux-fab-400x400.jpg 400w, https:\/\/www.tarawa.com\/studio\/wp-content\/uploads\/2025\/01\/tatouage-religieux-fab.jpg 1080w\" sizes=\"auto, (max-width: 1024px) 100vw, 1024px\" \/><\/figure>\n<\/div>\n<\/div>\n\n\n\n<div class=\"wp-block-columns is-layout-flex wp-container-core-columns-is-layout-9d6595d7 wp-block-columns-is-layout-flex\">\n<div class=\"wp-block-column is-layout-flow wp-block-column-is-layout-flow\">\n<figure class=\"wp-block-image size-full\"><img loading=\"lazy\" decoding=\"async\" width=\"1000\" height=\"1000\" src=\"https:\/\/www.tarawa.com\/studio\/wp-content\/uploads\/2025\/01\/piercing-lague-1.png\" alt=\"\" class=\"wp-image-12799\" srcset=\"https:\/\/www.tarawa.com\/studio\/wp-content\/uploads\/2025\/01\/piercing-lague-1.png 1000w, https:\/\/www.tarawa.com\/studio\/wp-content\/uploads\/2025\/01\/piercing-lague-1-300x300.png 300w, https:\/\/www.tarawa.com\/studio\/wp-content\/uploads\/2025\/01\/piercing-lague-1-150x150.png 150w, https:\/\/www.tarawa.com\/studio\/wp-content\/uploads\/2025\/01\/piercing-lague-1-768x768.png 768w, https:\/\/www.tarawa.com\/studio\/wp-content\/uploads\/2025\/01\/piercing-lague-1-900x900.png 900w, https:\/\/www.tarawa.com\/studio\/wp-content\/uploads\/2025\/01\/piercing-lague-1-400x400.png 400w\" sizes=\"auto, (max-width: 1000px) 100vw, 1000px\" \/><\/figure>\n<\/div>\n\n\n\n<div class=\"wp-block-column is-layout-flow wp-block-column-is-layout-flow\">\n<figure class=\"wp-block-image size-full\"><img loading=\"lazy\" decoding=\"async\" width=\"1000\" height=\"1000\" src=\"https:\/\/www.tarawa.com\/studio\/wp-content\/uploads\/2025\/01\/piercings-oreille-2.png\" alt=\"\" class=\"wp-image-12800\" srcset=\"https:\/\/www.tarawa.com\/studio\/wp-content\/uploads\/2025\/01\/piercings-oreille-2.png 1000w, https:\/\/www.tarawa.com\/studio\/wp-content\/uploads\/2025\/01\/piercings-oreille-2-300x300.png 300w, https:\/\/www.tarawa.com\/studio\/wp-content\/uploads\/2025\/01\/piercings-oreille-2-150x150.png 150w, https:\/\/www.tarawa.com\/studio\/wp-content\/uploads\/2025\/01\/piercings-oreille-2-768x768.png 768w, https:\/\/www.tarawa.com\/studio\/wp-content\/uploads\/2025\/01\/piercings-oreille-2-900x900.png 900w, https:\/\/www.tarawa.com\/studio\/wp-content\/uploads\/2025\/01\/piercings-oreille-2-400x400.png 400w\" sizes=\"auto, (max-width: 1000px) 100vw, 1000px\" \/><\/figure>\n<\/div>\n\n\n\n<div class=\"wp-block-column is-layout-flow wp-block-column-is-layout-flow\">\n<figure class=\"wp-block-image size-full\"><img loading=\"lazy\" decoding=\"async\" width=\"1000\" height=\"1000\" src=\"https:\/\/www.tarawa.com\/studio\/wp-content\/uploads\/2025\/01\/piercing-strass-levre-1.png\" alt=\"\" class=\"wp-image-12801\" srcset=\"https:\/\/www.tarawa.com\/studio\/wp-content\/uploads\/2025\/01\/piercing-strass-levre-1.png 1000w, https:\/\/www.tarawa.com\/studio\/wp-content\/uploads\/2025\/01\/piercing-strass-levre-1-300x300.png 300w, https:\/\/www.tarawa.com\/studio\/wp-content\/uploads\/2025\/01\/piercing-strass-levre-1-150x150.png 150w, https:\/\/www.tarawa.com\/studio\/wp-content\/uploads\/2025\/01\/piercing-strass-levre-1-768x768.png 768w, https:\/\/www.tarawa.com\/studio\/wp-content\/uploads\/2025\/01\/piercing-strass-levre-1-900x900.png 900w, https:\/\/www.tarawa.com\/studio\/wp-content\/uploads\/2025\/01\/piercing-strass-levre-1-400x400.png 400w\" sizes=\"auto, (max-width: 1000px) 100vw, 1000px\" \/><\/figure>\n<\/div>\n<\/div>\n\n\n\n<div class=\"wp-block-columns is-layout-flex wp-container-core-columns-is-layout-9d6595d7 wp-block-columns-is-layout-flex\">\n<div class=\"wp-block-column is-layout-flow wp-block-column-is-layout-flow\">\n<figure class=\"wp-block-image size-full\"><img loading=\"lazy\" decoding=\"async\" width=\"1000\" height=\"1000\" src=\"https:\/\/www.tarawa.com\/studio\/wp-content\/uploads\/2025\/01\/piercing-anneau-nez.png\" alt=\"\" class=\"wp-image-12802\" srcset=\"https:\/\/www.tarawa.com\/studio\/wp-content\/uploads\/2025\/01\/piercing-anneau-nez.png 1000w, https:\/\/www.tarawa.com\/studio\/wp-content\/uploads\/2025\/01\/piercing-anneau-nez-300x300.png 300w, https:\/\/www.tarawa.com\/studio\/wp-content\/uploads\/2025\/01\/piercing-anneau-nez-150x150.png 150w, https:\/\/www.tarawa.com\/studio\/wp-content\/uploads\/2025\/01\/piercing-anneau-nez-768x768.png 768w, https:\/\/www.tarawa.com\/studio\/wp-content\/uploads\/2025\/01\/piercing-anneau-nez-900x900.png 900w, https:\/\/www.tarawa.com\/studio\/wp-content\/uploads\/2025\/01\/piercing-anneau-nez-400x400.png 400w\" sizes=\"auto, (max-width: 1000px) 100vw, 1000px\" \/><\/figure>\n<\/div>\n\n\n\n<div class=\"wp-block-column is-layout-flow wp-block-column-is-layout-flow\">\n<figure class=\"wp-block-image size-full\"><img loading=\"lazy\" decoding=\"async\" width=\"1000\" height=\"1000\" src=\"https:\/\/www.tarawa.com\/studio\/wp-content\/uploads\/2025\/01\/piericng-anneau-nez.png\" alt=\"\" class=\"wp-image-12803\" srcset=\"https:\/\/www.tarawa.com\/studio\/wp-content\/uploads\/2025\/01\/piericng-anneau-nez.png 1000w, https:\/\/www.tarawa.com\/studio\/wp-content\/uploads\/2025\/01\/piericng-anneau-nez-300x300.png 300w, https:\/\/www.tarawa.com\/studio\/wp-content\/uploads\/2025\/01\/piericng-anneau-nez-150x150.png 150w, https:\/\/www.tarawa.com\/studio\/wp-content\/uploads\/2025\/01\/piericng-anneau-nez-768x768.png 768w, https:\/\/www.tarawa.com\/studio\/wp-content\/uploads\/2025\/01\/piericng-anneau-nez-900x900.png 900w, https:\/\/www.tarawa.com\/studio\/wp-content\/uploads\/2025\/01\/piericng-anneau-nez-400x400.png 400w\" sizes=\"auto, (max-width: 1000px) 100vw, 1000px\" \/><\/figure>\n<\/div>\n\n\n\n<div class=\"wp-block-column is-layout-flow wp-block-column-is-layout-flow\">\n<figure class=\"wp-block-image size-full\"><img loading=\"lazy\" decoding=\"async\" width=\"1000\" height=\"1000\" src=\"https:\/\/www.tarawa.com\/studio\/wp-content\/uploads\/2025\/01\/piercing-nombril-boule-1.png\" alt=\"\" class=\"wp-image-12804\" srcset=\"https:\/\/www.tarawa.com\/studio\/wp-content\/uploads\/2025\/01\/piercing-nombril-boule-1.png 1000w, https:\/\/www.tarawa.com\/studio\/wp-content\/uploads\/2025\/01\/piercing-nombril-boule-1-300x300.png 300w, https:\/\/www.tarawa.com\/studio\/wp-content\/uploads\/2025\/01\/piercing-nombril-boule-1-150x150.png 150w, https:\/\/www.tarawa.com\/studio\/wp-content\/uploads\/2025\/01\/piercing-nombril-boule-1-768x768.png 768w, https:\/\/www.tarawa.com\/studio\/wp-content\/uploads\/2025\/01\/piercing-nombril-boule-1-900x900.png 900w, https:\/\/www.tarawa.com\/studio\/wp-content\/uploads\/2025\/01\/piercing-nombril-boule-1-400x400.png 400w\" sizes=\"auto, (max-width: 1000px) 100vw, 1000px\" \/><\/figure>\n<\/div>\n<\/div>\n\n\n\n<div class=\"wp-block-columns is-layout-flex wp-container-core-columns-is-layout-9d6595d7 wp-block-columns-is-layout-flex\">\n<div class=\"wp-block-column is-layout-flow wp-block-column-is-layout-flow\">\n<figure class=\"wp-block-image size-full\"><img loading=\"lazy\" decoding=\"async\" width=\"1024\" height=\"1020\" src=\"https:\/\/www.tarawa.com\/studio\/wp-content\/uploads\/2025\/01\/tatouage_bras_bouquet_noeli-1024x1020-1.webp\" alt=\"\" class=\"wp-image-12805\" srcset=\"https:\/\/www.tarawa.com\/studio\/wp-content\/uploads\/2025\/01\/tatouage_bras_bouquet_noeli-1024x1020-1.webp 1024w, https:\/\/www.tarawa.com\/studio\/wp-content\/uploads\/2025\/01\/tatouage_bras_bouquet_noeli-1024x1020-1-300x300.webp 300w, https:\/\/www.tarawa.com\/studio\/wp-content\/uploads\/2025\/01\/tatouage_bras_bouquet_noeli-1024x1020-1-150x150.webp 150w, https:\/\/www.tarawa.com\/studio\/wp-content\/uploads\/2025\/01\/tatouage_bras_bouquet_noeli-1024x1020-1-768x765.webp 768w, https:\/\/www.tarawa.com\/studio\/wp-content\/uploads\/2025\/01\/tatouage_bras_bouquet_noeli-1024x1020-1-900x896.webp 900w, https:\/\/www.tarawa.com\/studio\/wp-content\/uploads\/2025\/01\/tatouage_bras_bouquet_noeli-1024x1020-1-400x398.webp 400w\" sizes=\"auto, (max-width: 1024px) 100vw, 1024px\" \/><\/figure>\n<\/div>\n\n\n\n<div class=\"wp-block-column is-layout-flow wp-block-column-is-layout-flow\">\n<figure class=\"wp-block-image size-full\"><img loading=\"lazy\" decoding=\"async\" width=\"1024\" height=\"1024\" src=\"https:\/\/www.tarawa.com\/studio\/wp-content\/uploads\/2025\/01\/tatouage_bras_boussole_noeli-1024x1024-1.webp\" alt=\"\" class=\"wp-image-12806\" srcset=\"https:\/\/www.tarawa.com\/studio\/wp-content\/uploads\/2025\/01\/tatouage_bras_boussole_noeli-1024x1024-1.webp 1024w, https:\/\/www.tarawa.com\/studio\/wp-content\/uploads\/2025\/01\/tatouage_bras_boussole_noeli-1024x1024-1-300x300.webp 300w, https:\/\/www.tarawa.com\/studio\/wp-content\/uploads\/2025\/01\/tatouage_bras_boussole_noeli-1024x1024-1-150x150.webp 150w, https:\/\/www.tarawa.com\/studio\/wp-content\/uploads\/2025\/01\/tatouage_bras_boussole_noeli-1024x1024-1-768x768.webp 768w, https:\/\/www.tarawa.com\/studio\/wp-content\/uploads\/2025\/01\/tatouage_bras_boussole_noeli-1024x1024-1-900x900.webp 900w, https:\/\/www.tarawa.com\/studio\/wp-content\/uploads\/2025\/01\/tatouage_bras_boussole_noeli-1024x1024-1-400x400.webp 400w\" sizes=\"auto, (max-width: 1024px) 100vw, 1024px\" \/><\/figure>\n<\/div>\n\n\n\n<div class=\"wp-block-column is-layout-flow wp-block-column-is-layout-flow\">\n<figure class=\"wp-block-image size-full\"><img loading=\"lazy\" decoding=\"async\" width=\"1024\" height=\"1024\" src=\"https:\/\/www.tarawa.com\/studio\/wp-content\/uploads\/2025\/01\/tatouage_bras_stitch_noeli-1024x1024-1.webp\" alt=\"\" class=\"wp-image-12807\" srcset=\"https:\/\/www.tarawa.com\/studio\/wp-content\/uploads\/2025\/01\/tatouage_bras_stitch_noeli-1024x1024-1.webp 1024w, https:\/\/www.tarawa.com\/studio\/wp-content\/uploads\/2025\/01\/tatouage_bras_stitch_noeli-1024x1024-1-300x300.webp 300w, https:\/\/www.tarawa.com\/studio\/wp-content\/uploads\/2025\/01\/tatouage_bras_stitch_noeli-1024x1024-1-150x150.webp 150w, https:\/\/www.tarawa.com\/studio\/wp-content\/uploads\/2025\/01\/tatouage_bras_stitch_noeli-1024x1024-1-768x768.webp 768w, https:\/\/www.tarawa.com\/studio\/wp-content\/uploads\/2025\/01\/tatouage_bras_stitch_noeli-1024x1024-1-900x900.webp 900w, https:\/\/www.tarawa.com\/studio\/wp-content\/uploads\/2025\/01\/tatouage_bras_stitch_noeli-1024x1024-1-400x400.webp 400w\" sizes=\"auto, (max-width: 1024px) 100vw, 1024px\" \/><\/figure>\n<\/div>\n<\/div>\n\n\n\n<div class=\"wp-block-columns is-layout-flex wp-container-core-columns-is-layout-9d6595d7 wp-block-columns-is-layout-flex\">\n<div class=\"wp-block-column is-layout-flow wp-block-column-is-layout-flow\">\n<figure class=\"wp-block-image size-full\"><img loading=\"lazy\" decoding=\"async\" width=\"1024\" height=\"1024\" src=\"https:\/\/www.tarawa.com\/studio\/wp-content\/uploads\/2025\/01\/tatouage_bras_chien_noeli-1024x1024-1.webp\" alt=\"\" class=\"wp-image-12808\" srcset=\"https:\/\/www.tarawa.com\/studio\/wp-content\/uploads\/2025\/01\/tatouage_bras_chien_noeli-1024x1024-1.webp 1024w, https:\/\/www.tarawa.com\/studio\/wp-content\/uploads\/2025\/01\/tatouage_bras_chien_noeli-1024x1024-1-300x300.webp 300w, https:\/\/www.tarawa.com\/studio\/wp-content\/uploads\/2025\/01\/tatouage_bras_chien_noeli-1024x1024-1-150x150.webp 150w, https:\/\/www.tarawa.com\/studio\/wp-content\/uploads\/2025\/01\/tatouage_bras_chien_noeli-1024x1024-1-768x768.webp 768w, https:\/\/www.tarawa.com\/studio\/wp-content\/uploads\/2025\/01\/tatouage_bras_chien_noeli-1024x1024-1-900x900.webp 900w, https:\/\/www.tarawa.com\/studio\/wp-content\/uploads\/2025\/01\/tatouage_bras_chien_noeli-1024x1024-1-400x400.webp 400w\" sizes=\"auto, (max-width: 1024px) 100vw, 1024px\" \/><\/figure>\n<\/div>\n\n\n\n<div class=\"wp-block-column is-layout-flow wp-block-column-is-layout-flow\">\n<figure class=\"wp-block-image size-full\"><img loading=\"lazy\" decoding=\"async\" width=\"1024\" height=\"1024\" src=\"https:\/\/www.tarawa.com\/studio\/wp-content\/uploads\/2025\/01\/tatouage_bras_commun_floral_noeli-1024x1024-1.webp\" alt=\"\" class=\"wp-image-12809\" srcset=\"https:\/\/www.tarawa.com\/studio\/wp-content\/uploads\/2025\/01\/tatouage_bras_commun_floral_noeli-1024x1024-1.webp 1024w, https:\/\/www.tarawa.com\/studio\/wp-content\/uploads\/2025\/01\/tatouage_bras_commun_floral_noeli-1024x1024-1-300x300.webp 300w, https:\/\/www.tarawa.com\/studio\/wp-content\/uploads\/2025\/01\/tatouage_bras_commun_floral_noeli-1024x1024-1-150x150.webp 150w, https:\/\/www.tarawa.com\/studio\/wp-content\/uploads\/2025\/01\/tatouage_bras_commun_floral_noeli-1024x1024-1-768x768.webp 768w, https:\/\/www.tarawa.com\/studio\/wp-content\/uploads\/2025\/01\/tatouage_bras_commun_floral_noeli-1024x1024-1-900x900.webp 900w, https:\/\/www.tarawa.com\/studio\/wp-content\/uploads\/2025\/01\/tatouage_bras_commun_floral_noeli-1024x1024-1-400x400.webp 400w\" sizes=\"auto, (max-width: 1024px) 100vw, 1024px\" \/><\/figure>\n<\/div>\n\n\n\n<div class=\"wp-block-column is-layout-flow wp-block-column-is-layout-flow\">\n<figure class=\"wp-block-image size-full\"><img loading=\"lazy\" decoding=\"async\" width=\"1024\" height=\"1024\" src=\"https:\/\/www.tarawa.com\/studio\/wp-content\/uploads\/2025\/01\/tatouage_bras_commun_loup_noeli-1024x1024-1.webp\" alt=\"\" class=\"wp-image-12810\" srcset=\"https:\/\/www.tarawa.com\/studio\/wp-content\/uploads\/2025\/01\/tatouage_bras_commun_loup_noeli-1024x1024-1.webp 1024w, https:\/\/www.tarawa.com\/studio\/wp-content\/uploads\/2025\/01\/tatouage_bras_commun_loup_noeli-1024x1024-1-300x300.webp 300w, https:\/\/www.tarawa.com\/studio\/wp-content\/uploads\/2025\/01\/tatouage_bras_commun_loup_noeli-1024x1024-1-150x150.webp 150w, https:\/\/www.tarawa.com\/studio\/wp-content\/uploads\/2025\/01\/tatouage_bras_commun_loup_noeli-1024x1024-1-768x768.webp 768w, https:\/\/www.tarawa.com\/studio\/wp-content\/uploads\/2025\/01\/tatouage_bras_commun_loup_noeli-1024x1024-1-900x900.webp 900w, https:\/\/www.tarawa.com\/studio\/wp-content\/uploads\/2025\/01\/tatouage_bras_commun_loup_noeli-1024x1024-1-400x400.webp 400w\" sizes=\"auto, (max-width: 1024px) 100vw, 1024px\" \/><\/figure>\n<\/div>\n<\/div>\n","protected":false},"excerpt":{"rendered":"<p>Retrouvez une s\u00e9lection de photos de tatouages et de piercings r\u00e9alis\u00e9s au shop Tarawa Marseillan<\/p>\n","protected":false},"author":1,"featured_media":0,"parent":7416,"menu_order":0,"comment_status":"closed","ping_status":"closed","template":"","meta":{"_monsterinsights_skip_tracking":false,"_monsterinsights_sitenote_active":false,"_monsterinsights_sitenote_note":"","_monsterinsights_sitenote_category":0,"footnotes":""},"class_list":["post-12792","page","type-page","status-publish","hentry"],"_links":{"self":[{"href":"https:\/\/www.tarawa.com\/studio\/wp-json\/wp\/v2\/pages\/12792","targetHints":{"allow":["GET"]}}],"collection":[{"href":"https:\/\/www.tarawa.com\/studio\/wp-json\/wp\/v2\/pages"}],"about":[{"href":"https:\/\/www.tarawa.com\/studio\/wp-json\/wp\/v2\/types\/page"}],"author":[{"embeddable":true,"href":"https:\/\/www.tarawa.com\/studio\/wp-json\/wp\/v2\/users\/1"}],"replies":[{"embeddable":true,"href":"https:\/\/www.tarawa.com\/studio\/wp-json\/wp\/v2\/comments?post=12792"}],"version-history":[{"count":0,"href":"https:\/\/www.tarawa.com\/studio\/wp-json\/wp\/v2\/pages\/12792\/revisions"}],"up":[{"embeddable":true,"href":"https:\/\/www.tarawa.com\/studio\/wp-json\/wp\/v2\/pages\/7416"}],"wp:attachment":[{"href":"https:\/\/www.tarawa.com\/studio\/wp-json\/wp\/v2\/media?parent=12792"}],"curies":[{"name":"wp","href":"https:\/\/api.w.org\/{rel}","templated":true}]}}