{"id":10016,"date":"2021-09-05T12:45:23","date_gmt":"2021-09-05T10:45:23","guid":{"rendered":"https:\/\/www.tarawa.com\/studio\/?page_id=10016"},"modified":"2024-08-19T11:47:22","modified_gmt":"2024-08-19T09:47:22","slug":"devis-tattoo","status":"publish","type":"page","link":"https:\/\/www.tarawa.com\/studio\/devis-tattoo\/","title":{"rendered":"Devis Tatouage"},"content":{"rendered":"\n<h2 class=\"wp-block-heading\">TARAWA &#8211; 5 adresses en France : <\/h2>\n\n\n\n<div class=\"wp-block-columns is-layout-flex wp-container-core-columns-is-layout-9d6595d7 wp-block-columns-is-layout-flex\">\n<div class=\"wp-block-column is-layout-flow wp-block-column-is-layout-flow\" style=\"flex-basis:300px\">\n<h4 class=\"wp-block-heading has-text-color\" style=\"color:#ed0205\"><a href=\"http:\/\/tarawa.com\/studio\/cap-d-agde\/\" title=\"\">Tarawa Cap d&rsquo;Agde<\/a><\/h4>\n\n\n\n<p>11 quai Di Dominico<br>34300 <a href=\"http:\/\/tarawa.com\/studio\/cap-d-agde\/\" target=\"_blank\" rel=\"noopener\" title=\"\">Cap d&rsquo;Agde<\/a><br><a href=\"tel:0467323425\" title=\"\">04 67 32 34 25<\/a><br><a href=\"mailto:capdagde@tarawa.com\">capdagde@tarawa.com<\/a><\/p>\n<\/div>\n\n\n\n<div class=\"wp-block-column is-layout-flow wp-block-column-is-layout-flow\" style=\"flex-basis:300px\">\n<h4 class=\"wp-block-heading has-text-color\" style=\"color:#ed0205\"><a href=\"http:\/\/tarawa.com\/studio\/vias-plage\/\" target=\"_blank\" rel=\"noopener\" title=\"\">Tarawa Vias<\/a><\/h4>\n\n\n\n<p>1066 Avenue de la m\u00e9diterran\u00e9e<br>34450 <a href=\"http:\/\/tarawa.com\/studio\/vias-plage\/\" target=\"_blank\" rel=\"noopener\" title=\"\">Vias<\/a><br><a href=\"tel:0467941406\" title=\"04 67 94 14 06\">04 67 94 14 06<\/a><br><a href=\"mailto:vias@tarawa.com\">vias@tarawa.com<\/a><\/p>\n<\/div>\n\n\n\n<div class=\"wp-block-column is-layout-flow wp-block-column-is-layout-flow\" style=\"flex-basis:300px\">\n<h4 class=\"wp-block-heading has-text-color\" style=\"color:#ed0205\"><a href=\"http:\/\/tarawa.com\/studio\/tarawa-marseillan-studio-tattoo-piercing\/\" target=\"_blank\" rel=\"noopener\" title=\"\">Tarawa Marseillan<\/a><\/h4>\n\n\n\n<p>205 Chemin de l\u2019Airette<br>34340 <a href=\"http:\/\/tarawa.com\/studio\/tarawa-marseillan-studio-tattoo-piercing\/\" target=\"_blank\" rel=\"noopener\" title=\"\">Marseillan<\/a><br><a href=\"tel:0955778606\" title=\"09 55 77 86 06\">09 55 77 86 06<\/a><br><a href=\"mailto:marseillan@tarawa.com\">marseillan@tarawa.com<\/a><\/p>\n<\/div>\n<\/div>\n\n\n\n<div class=\"wp-block-columns is-layout-flex wp-container-core-columns-is-layout-9d6595d7 wp-block-columns-is-layout-flex\">\n<div class=\"wp-block-column is-layout-flow wp-block-column-is-layout-flow\" style=\"flex-basis:300px\">\n<h4 class=\"wp-block-heading has-text-color\" style=\"color:#ed0205\"><a href=\"http:\/\/tarawa.com\/studio\/roanne\/\" target=\"_blank\" rel=\"noopener\" title=\"\">Tarawa Roanne<\/a><\/h4>\n\n\n\n<p>14b Rue Charles de Gaulle<br>42300 <a href=\"http:\/\/tarawa.com\/studio\/roanne\/\" target=\"_blank\" rel=\"noopener\" title=\"\">Roanne<\/a><br><a href=\"tel:0952016283\" title=\"09 52 01 62 83\">09 52 01 62 83<\/a><br><a href=\"mailto:roanne@tarawa.com\">roanne@tarawa.com<\/a><\/p>\n<\/div>\n\n\n\n<div class=\"wp-block-column is-layout-flow wp-block-column-is-layout-flow\" style=\"flex-basis:300px\">\n<h4 class=\"wp-block-heading has-text-color\" style=\"color:#ed0205\"><a href=\"http:\/\/tarawa.com\/studio\/studio-tattoo-piercing-valence\/\" target=\"_blank\" rel=\"noopener\" title=\"\">Tarawa Valence<\/a><\/h4>\n\n\n\n<p>25 Avenue Victor Hugo<br>26000 <a href=\"http:\/\/tarawa.com\/studio\/studio-tattoo-piercing-valence\/\" target=\"_blank\" rel=\"noopener\" title=\"\">Valence<\/a><br><a href=\"mailto:valence@tarawa.com\">valence@tarawa.com<\/a><\/p>\n<\/div>\n<\/div>\n\n\n\n<h2 class=\"wp-block-heading\">Demandez votre devis tatouage  : <\/h2>\n\n\n\n<div class=\"wp-block-media-text alignwide is-stacked-on-mobile\" style=\"grid-template-columns:33% auto\"><figure class=\"wp-block-media-text__media\"><img loading=\"lazy\" decoding=\"async\" width=\"645\" height=\"872\" src=\"https:\/\/www.tarawa.com\/studio\/wp-content\/uploads\/2024\/06\/formulaire_devis_tatouage_tarawa.webp\" alt=\"\" class=\"wp-image-11453 size-full\" srcset=\"https:\/\/www.tarawa.com\/studio\/wp-content\/uploads\/2024\/06\/formulaire_devis_tatouage_tarawa.webp 645w, https:\/\/www.tarawa.com\/studio\/wp-content\/uploads\/2024\/06\/formulaire_devis_tatouage_tarawa-222x300.webp 222w, https:\/\/www.tarawa.com\/studio\/wp-content\/uploads\/2024\/06\/formulaire_devis_tatouage_tarawa-400x541.webp 400w\" sizes=\"auto, (max-width: 645px) 100vw, 645px\" \/><\/figure><div class=\"wp-block-media-text__content\">\n<p>L&rsquo;\u00e9quipe Tarawa s&rsquo;engage \u00e0 r\u00e9pondre \u00e0 votre demande de devis dans les plus brefs d\u00e9lais.<\/p>\n\n\n\n<p>Pour nous permettre de traiter votre demande efficacement et rapidement, nous vous prions de bien vouloir remplir le formulaire suivant. Cela nous aidera \u00e0 saisir pleinement votre projet.<\/p>\n\n\n\n<p>Il est recommand\u00e9 de nous informer dans quel shop Tarawa vous souhaitez r\u00e9aliser votre tatouage, d&rsquo;inclure quelques images de r\u00e9f\u00e9rence et de d\u00e9tailler au mieux votre demande (emplacement, style, et dimensions en centim\u00e8tres). Ces informations nous seront indispensables pour vous fournir une estimation pr\u00e9cise.<\/p>\n<\/div><\/div>\n\n\n\n<h2 class=\"wp-block-heading\">Formulaire de demande de devis tatouage : <\/h2>\n\n\n\n<div class=\"wpcf7 no-js\" id=\"wpcf7-f10453-o1\" lang=\"fr-FR\" dir=\"ltr\" data-wpcf7-id=\"10453\">\n<div class=\"screen-reader-response\"><p role=\"status\" aria-live=\"polite\" aria-atomic=\"true\"><\/p> <ul><\/ul><\/div>\n<form action=\"\/studio\/wp-json\/wp\/v2\/pages\/10016#wpcf7-f10453-o1\" method=\"post\" class=\"wpcf7-form init\" aria-label=\"Formulaire de contact\" enctype=\"multipart\/form-data\" novalidate=\"novalidate\" data-status=\"init\">\n<fieldset class=\"hidden-fields-container\"><input type=\"hidden\" name=\"_wpcf7\" value=\"10453\" \/><input type=\"hidden\" name=\"_wpcf7_version\" value=\"6.1.5\" \/><input type=\"hidden\" name=\"_wpcf7_locale\" value=\"fr_FR\" \/><input type=\"hidden\" name=\"_wpcf7_unit_tag\" value=\"wpcf7-f10453-o1\" \/><input type=\"hidden\" name=\"_wpcf7_container_post\" value=\"0\" \/><input type=\"hidden\" name=\"_wpcf7_posted_data_hash\" value=\"\" \/><input type=\"hidden\" name=\"_wpcf7_recaptcha_response\" value=\"\" \/>\n<\/fieldset>\n<p><label> Votre e-mail<br \/>\n<span class=\"wpcf7-form-control-wrap\" data-name=\"your-email\"><input size=\"40\" maxlength=\"400\" class=\"wpcf7-form-control wpcf7-email wpcf7-validates-as-required wpcf7-text wpcf7-validates-as-email\" aria-required=\"true\" aria-invalid=\"false\" value=\"\" type=\"email\" name=\"your-email\" \/><\/span> <\/label>\n<\/p>\n<p><label> Votre Nom<br \/>\n<span class=\"wpcf7-form-control-wrap\" data-name=\"nom\"><input size=\"40\" maxlength=\"400\" class=\"wpcf7-form-control wpcf7-text\" aria-invalid=\"false\" value=\"\" type=\"text\" name=\"nom\" \/><\/span> <\/label>\n<\/p>\n<p><label> Votre pr\u00e9nom<br \/>\n<span class=\"wpcf7-form-control-wrap\" data-name=\"Prnom\"><input size=\"40\" maxlength=\"400\" class=\"wpcf7-form-control wpcf7-text wpcf7-validates-as-required\" aria-required=\"true\" aria-invalid=\"false\" value=\"\" type=\"text\" name=\"Prnom\" \/><\/span> <\/label>\n<\/p>\n<p><label> T\u00e9l\u00e9phone<br \/>\n<span class=\"wpcf7-form-control-wrap\" data-name=\"Tlphone\"><input size=\"40\" maxlength=\"400\" class=\"wpcf7-form-control wpcf7-tel wpcf7-validates-as-required wpcf7-text wpcf7-validates-as-tel\" aria-required=\"true\" aria-invalid=\"false\" value=\"\" type=\"tel\" name=\"Tlphone\" \/><\/span> <\/label>\n<\/p>\n<p><label> Date de naissance<br \/>\n<span class=\"wpcf7-form-control-wrap\" data-name=\"date-naissance\"><input class=\"wpcf7-form-control wpcf7-date wpcf7-validates-as-date\" aria-invalid=\"false\" value=\"\" type=\"date\" name=\"date-naissance\" \/><\/span> <\/label>\n<\/p>\n<p><label> Shop<br \/>\n<span class=\"wpcf7-form-control-wrap\" data-name=\"shop\"><select class=\"wpcf7-form-control wpcf7-select\" aria-invalid=\"false\" name=\"shop\"><option value=\"Cap d&#039;Agde\">Cap d&#039;Agde<\/option><option value=\"Vias\">Vias<\/option><option value=\"Marseillan\">Marseillan<\/option><option value=\"Roanne\">Roanne<\/option><option value=\"Valence\">Valence<\/option><\/select><\/span> <\/label>\n<\/p>\n<p><label> Images de r\u00e9f\u00e9rence<br \/>\n<span class=\"wpcf7-form-control-wrap\" data-name=\"file-473\"><input size=\"40\" class=\"wpcf7-form-control wpcf7-file\" accept=\"audio\/*,video\/*,image\/*\" aria-invalid=\"false\" type=\"file\" name=\"file-473\" \/><\/span> <\/label>\n<\/p>\n<p><label> Images de r\u00e9f\u00e9rence<br \/>\n<span class=\"wpcf7-form-control-wrap\" data-name=\"file-474\"><input size=\"40\" class=\"wpcf7-form-control wpcf7-file\" accept=\"audio\/*,video\/*,image\/*\" aria-invalid=\"false\" type=\"file\" name=\"file-474\" \/><\/span> <\/label>\n<\/p>\n<p><label> Images de r\u00e9f\u00e9rence<br \/>\n<span class=\"wpcf7-form-control-wrap\" data-name=\"file-475\"><input size=\"40\" class=\"wpcf7-form-control wpcf7-file\" accept=\"audio\/*,video\/*,image\/*\" aria-invalid=\"false\" type=\"file\" name=\"file-475\" \/><\/span> <\/label>\n<\/p>\n<p><label> Description de votre projet<br \/>\n<span class=\"wpcf7-form-control-wrap\" data-name=\"your-message\"><textarea cols=\"40\" rows=\"10\" maxlength=\"2000\" class=\"wpcf7-form-control wpcf7-textarea\" aria-invalid=\"false\" name=\"your-message\"><\/textarea><\/span> <\/label>\n<\/p>\n<p><input class=\"wpcf7-form-control wpcf7-submit has-spinner\" type=\"submit\" value=\"Envoyer\" \/>\n<\/p><div class=\"wpcf7-response-output\" aria-hidden=\"true\"><\/div>\n<\/form>\n<\/div>\n\n","protected":false},"excerpt":{"rendered":"<p>TARAWA &#8211; 5 adresses en France : Tarawa Cap d&rsquo;Agde 11 quai Di Dominico34300 Cap d&rsquo;Agde04 67 32 34 25capdagde@tarawa.com Tarawa Vias 1066 Avenue de la m\u00e9diterran\u00e9e34450 Vias04 67 94 14 06vias@tarawa.com Tarawa Marseillan 205 Chemin de l\u2019Airette34340 Marseillan09 55 77 86 06marseillan@tarawa.com Tarawa Roanne 14b Rue Charles de Gaulle42300 Roanne09 52 01 62 83roanne@tarawa.com &hellip; <\/p>\n","protected":false},"author":1,"featured_media":10445,"parent":0,"menu_order":0,"comment_status":"closed","ping_status":"closed","template":"","meta":{"_monsterinsights_skip_tracking":false,"_monsterinsights_sitenote_active":false,"_monsterinsights_sitenote_note":"","_monsterinsights_sitenote_category":0,"footnotes":""},"class_list":["post-10016","page","type-page","status-publish","has-post-thumbnail","hentry"],"_links":{"self":[{"href":"https:\/\/www.tarawa.com\/studio\/wp-json\/wp\/v2\/pages\/10016","targetHints":{"allow":["GET"]}}],"collection":[{"href":"https:\/\/www.tarawa.com\/studio\/wp-json\/wp\/v2\/pages"}],"about":[{"href":"https:\/\/www.tarawa.com\/studio\/wp-json\/wp\/v2\/types\/page"}],"author":[{"embeddable":true,"href":"https:\/\/www.tarawa.com\/studio\/wp-json\/wp\/v2\/users\/1"}],"replies":[{"embeddable":true,"href":"https:\/\/www.tarawa.com\/studio\/wp-json\/wp\/v2\/comments?post=10016"}],"version-history":[{"count":0,"href":"https:\/\/www.tarawa.com\/studio\/wp-json\/wp\/v2\/pages\/10016\/revisions"}],"wp:featuredmedia":[{"embeddable":true,"href":"https:\/\/www.tarawa.com\/studio\/wp-json\/wp\/v2\/media\/10445"}],"wp:attachment":[{"href":"https:\/\/www.tarawa.com\/studio\/wp-json\/wp\/v2\/media?parent=10016"}],"curies":[{"name":"wp","href":"https:\/\/api.w.org\/{rel}","templated":true}]}}